CRAN Package Check Results for Package buildr

Last updated on 2022-05-24 22:50:02 CEST.

Flavor Version Tinstall Tcheck Ttotal Status Flags
r-devel-linux-x86_64-debian-clang 0.1.0 5.35 56.83 62.18 NOTE
r-devel-linux-x86_64-debian-gcc 0.1.0 3.89 41.61 45.50 NOTE
r-devel-linux-x86_64-fedora-clang 0.1.0 72.40 NOTE
r-devel-linux-x86_64-fedora-gcc 0.1.0 70.80 NOTE
r-devel-windows-x86_64 0.1.0 13.00 79.00 92.00 NOTE
r-patched-linux-x86_64 0.1.0 4.96 51.64 56.60 NOTE
r-release-linux-x86_64 0.1.0 NOTE
r-release-macos-arm64 0.1.0 26.00 NOTE
r-release-macos-x86_64 0.1.0 46.00 NOTE
r-release-windows-x86_64 0.1.0 14.00 80.00 94.00 NOTE
r-oldrel-macos-arm64 0.1.0 25.00 NOTE
r-oldrel-macos-x86_64 0.1.0 38.00 NOTE
r-oldrel-windows-ix86+x86_64 0.1.0 13.00 64.00 77.00 NOTE

Check Details

Version: 0.1.0
Check: LazyData
Result: NOTE
     'LazyData' is specified without a 'data' directory
Flavors: r-devel-linux-x86_64-debian-clang, r-devel-linux-x86_64-debian-gcc, r-devel-linux-x86_64-fedora-clang, r-devel-linux-x86_64-fedora-gcc, r-devel-windows-x86_64, r-patched-linux-x86_64, r-release-linux-x86_64, r-release-macos-arm64, r-release-macos-x86_64, r-release-windows-x86_64, r-oldrel-macos-arm64, r-oldrel-macos-x86_64, r-oldrel-windows-ix86+x86_64