CRAN Package Check Results for Package bulkreadr

Last updated on 2024-02-29 22:58:39 CET.

Flavor Version Tinstall Tcheck Ttotal Status Flags
r-devel-linux-x86_64-debian-clang 1.1.0 10.82 99.64 110.46 OK
r-devel-linux-x86_64-debian-gcc 1.1.0 8.26 74.36 82.62 OK
r-devel-linux-x86_64-fedora-clang 1.1.0 136.02 NOTE
r-devel-linux-x86_64-fedora-gcc 1.1.0 138.07 OK
r-devel-windows-x86_64 1.1.0 9.00 105.00 114.00 OK
r-patched-linux-x86_64 1.1.0 13.30 95.54 108.84 OK
r-release-linux-x86_64 1.1.0 6.61 95.56 102.17 OK
r-release-macos-arm64 1.1.0 55.00 OK
r-release-macos-x86_64 1.1.0 156.00 OK
r-release-windows-x86_64 1.1.0 12.00 122.00 134.00 OK
r-oldrel-macos-arm64 1.1.0 57.00 OK
r-oldrel-windows-x86_64 1.1.0 14.00 116.00 130.00 OK

Check Details

Version: 1.1.0
Check: Rd cross-references
Result: NOTE Undeclared package ‘googledrive’ in Rd xrefs Flavor: r-devel-linux-x86_64-fedora-clang