CRAN Package Check Results for Package bvhar

Last updated on 2024-04-23 22:55:17 CEST.

Flavor Version Tinstall Tcheck Ttotal Status Flags
r-devel-linux-x86_64-debian-clang 2.0.1 693.46 188.60 882.06 OK
r-devel-linux-x86_64-debian-gcc 2.0.1 636.39 205.44 841.83 OK
r-devel-linux-x86_64-fedora-clang 2.0.1 1201.30 OK
r-devel-linux-x86_64-fedora-gcc 2.0.1 1479.36 OK
r-prerel-macos-arm64 2.0.1 267.00 NOTE
r-prerel-macos-x86_64 2.0.1 343.00 NOTE
r-prerel-windows-x86_64 2.0.1 502.00 235.00 737.00 NOTE
r-patched-linux-x86_64 2.0.1 784.59 253.84 1038.43 OK
r-release-linux-x86_64 2.0.1 739.37 255.52 994.89 OK
r-release-macos-arm64 2.0.1 295.00 NOTE
r-release-macos-x86_64 2.0.1 333.00 NOTE
r-release-windows-x86_64 2.0.1 681.00 288.00 969.00 NOTE
r-oldrel-macos-arm64 2.0.1 272.00 NOTE
r-oldrel-windows-x86_64 2.0.1 668.00 246.00 914.00 NOTE

Check Details

Version: 2.0.1
Check: installed package size
Result: NOTE installed size is 116.6Mb sub-directories of 1Mb or more: libs 114.3Mb Flavors: r-prerel-macos-arm64, r-prerel-macos-x86_64, r-prerel-windows-x86_64, r-release-macos-arm64, r-release-macos-x86_64, r-release-windows-x86_64, r-oldrel-macos-arm64, r-oldrel-windows-x86_64