CRAN Package Check Results for Package calidad

Last updated on 2023-02-06 00:52:24 CET.

Flavor Version Tinstall Tcheck Ttotal Status Flags
r-devel-linux-x86_64-debian-clang 0.4.0 14.72 477.90 492.62 OK
r-devel-linux-x86_64-debian-gcc 0.4.0 10.36 352.32 362.68 OK
r-devel-linux-x86_64-fedora-clang 0.4.0 477.91 NOTE
r-devel-linux-x86_64-fedora-gcc 0.4.0 590.81 NOTE
r-devel-windows-x86_64 0.4.0 41.00 506.00 547.00 OK
r-patched-linux-x86_64 0.4.0 10.59 456.92 467.51 OK
r-release-linux-x86_64 0.4.0 10.11 454.60 464.71 OK
r-release-macos-arm64 0.4.0 111.00 NOTE
r-release-macos-x86_64 0.4.0 156.00 NOTE
r-release-windows-x86_64 0.4.0 44.00 422.00 466.00 OK
r-oldrel-macos-arm64 0.4.0 113.00 NOTE
r-oldrel-macos-x86_64 0.4.0 157.00 NOTE
r-oldrel-windows-ix86+x86_64 0.4.0 35.00 546.00 581.00 OK

Check Details

Version: 0.4.0
Check: data for non-ASCII characters
Result: NOTE
     Note: found 58 marked UTF-8 strings
Flavors: r-devel-linux-x86_64-fedora-clang, r-devel-linux-x86_64-fedora-gcc, r-release-macos-arm64, r-release-macos-x86_64, r-oldrel-macos-arm64, r-oldrel-macos-x86_64