CRAN Package Check Results for Package calpassapi

Last updated on 2023-02-06 00:52:24 CET.

Flavor Version Tinstall Tcheck Ttotal Status Flags
r-devel-linux-x86_64-debian-clang 0.0.3 4.85 44.72 49.57 NOTE
r-devel-linux-x86_64-debian-gcc 0.0.3 3.04 33.34 36.38 NOTE
r-devel-linux-x86_64-fedora-clang 0.0.3 69.59 NOTE
r-devel-linux-x86_64-fedora-gcc 0.0.3 70.06 NOTE
r-devel-windows-x86_64 0.0.3 16.00 76.00 92.00 NOTE
r-patched-linux-x86_64 0.0.3 5.28 44.18 49.46 NOTE
r-release-linux-x86_64 0.0.3 5.44 44.46 49.90 NOTE
r-release-macos-arm64 0.0.3 24.00 NOTE
r-release-macos-x86_64 0.0.3 43.00 NOTE
r-release-windows-x86_64 0.0.3 16.00 82.00 98.00 NOTE
r-oldrel-macos-arm64 0.0.3 31.00 NOTE
r-oldrel-macos-x86_64 0.0.3 39.00 NOTE
r-oldrel-windows-ix86+x86_64 0.0.3 13.00 69.00 82.00 NOTE

Check Details

Version: 0.0.3
Check: LazyData
Result: NOTE
     'LazyData' is specified without a 'data' directory
Flavors: r-devel-linux-x86_64-debian-clang, r-devel-linux-x86_64-debian-gcc, r-devel-linux-x86_64-fedora-clang, r-devel-linux-x86_64-fedora-gcc, r-devel-windows-x86_64, r-patched-linux-x86_64, r-release-linux-x86_64, r-release-macos-arm64, r-release-macos-x86_64, r-release-windows-x86_64, r-oldrel-macos-arm64, r-oldrel-macos-x86_64, r-oldrel-windows-ix86+x86_64