CRAN Package Check Results for Package camcorder

Last updated on 2024-02-26 23:03:34 CET.

Flavor Version Tinstall Tcheck Ttotal Status Flags
r-devel-linux-x86_64-debian-clang 0.1.0 6.20 91.94 98.14 NOTE
r-devel-linux-x86_64-debian-gcc 0.1.0 4.51 66.99 71.50 NOTE
r-devel-linux-x86_64-fedora-clang 0.1.0 120.85 NOTE
r-devel-linux-x86_64-fedora-gcc 0.1.0 136.75 OK
r-devel-windows-x86_64 0.1.0 7.00 92.00 99.00 OK
r-patched-linux-x86_64 0.1.0 6.48 86.62 93.10 OK
r-release-linux-x86_64 0.1.0 7.26 86.21 93.47 OK
r-release-macos-arm64 0.1.0 49.00 OK
r-release-macos-x86_64 0.1.0 71.00 OK
r-release-windows-x86_64 0.1.0 9.00 107.00 116.00 OK
r-oldrel-macos-arm64 0.1.0 63.00 OK
r-oldrel-windows-x86_64 0.1.0 11.00 115.00 126.00 OK

Check Details

Version: 0.1.0
Check: Rd files
Result: NOTE checkRd: (-1) Recording.Rd:112: Lost braces; missing escapes or markup? 112 | Stop recording images with {camcorder}. | ^ Flavors: r-devel-linux-x86_64-debian-clang, r-devel-linux-x86_64-debian-gcc, r-devel-linux-x86_64-fedora-clang