CRAN Package Check Results for Package canadamaps

Last updated on 2022-05-16 22:52:07 CEST.

Flavor Version Tinstall Tcheck Ttotal Status Flags
r-devel-linux-x86_64-debian-clang 0.1 9.77 91.63 101.40 OK
r-devel-linux-x86_64-debian-gcc 0.1 8.08 66.83 74.91 OK
r-devel-linux-x86_64-fedora-clang 0.1 115.41 NOTE
r-devel-linux-x86_64-fedora-gcc 0.1 121.61 NOTE
r-devel-windows-x86_64 0.1 18.00 96.00 114.00 OK
r-patched-linux-x86_64 0.1 7.47 86.50 93.97 OK
r-release-linux-x86_64 0.1 8.58 86.39 94.97 OK
r-release-macos-arm64 0.1 31.00 NOTE
r-release-macos-x86_64 0.1 55.00 NOTE
r-release-windows-x86_64 0.1 21.00 100.00 121.00 OK
r-oldrel-macos-arm64 0.1 165.00 NOTE
r-oldrel-macos-x86_64 0.1 42.00 NOTE
r-oldrel-windows-ix86+x86_64 0.1 24.00 106.00 130.00 OK

Check Details

Version: 0.1
Check: data for non-ASCII characters
Result: NOTE
     Note: found 287 marked UTF-8 strings
Flavors: r-devel-linux-x86_64-fedora-clang, r-devel-linux-x86_64-fedora-gcc, r-release-macos-arm64, r-release-macos-x86_64, r-oldrel-macos-arm64, r-oldrel-macos-x86_64