CRAN Package Check Results for Package cancerTiming

Last updated on 2022-05-15 22:51:33 CEST.

Flavor Version Tinstall Tcheck Ttotal Status Flags
r-devel-linux-x86_64-debian-clang 3.1.8 2.92 56.89 59.81 OK
r-devel-linux-x86_64-debian-gcc 3.1.8 3.34 42.30 45.64 OK
r-devel-linux-x86_64-fedora-clang 3.1.8 72.60 OK
r-devel-linux-x86_64-fedora-gcc 3.1.8 70.43 OK
r-devel-windows-x86_64 3.1.8 57.00 76.00 133.00 OK
r-patched-linux-x86_64 3.1.8 4.53 52.74 57.27 OK
r-release-linux-x86_64 3.1.8 4.91 54.01 58.92 OK
r-release-macos-arm64 3.1.8 25.00 NOTE
r-release-macos-x86_64 3.1.8 33.00 OK
r-release-windows-x86_64 3.1.8 35.00 72.00 107.00 OK
r-oldrel-macos-arm64 3.1.8 29.00 NOTE
r-oldrel-macos-x86_64 3.1.8 43.00 OK
r-oldrel-windows-ix86+x86_64 3.1.8 9.00 66.00 75.00 OK

Check Details

Version: 3.1.8
Check: package dependencies
Result: NOTE
    Packages suggested but not available for checking:
     'GenomicRanges', 'IRanges', 'S4Vectors'
Flavor: r-release-macos-arm64

Version: 3.1.8
Check: Rd cross-references
Result: NOTE
    Package unavailable to check Rd xrefs: ‘GenomicRanges’
Flavors: r-release-macos-arm64, r-oldrel-macos-arm64

Version: 3.1.8
Check: package dependencies
Result: NOTE
    Package suggested but not available for checking: ‘GenomicRanges’
Flavor: r-oldrel-macos-arm64