CRAN Package Check Results for Package caper

Last updated on 2023-06-02 23:03:15 CEST.

Flavor Version Tinstall Tcheck Ttotal Status Flags
r-devel-linux-x86_64-debian-clang 1.0.1 7.00 122.84 129.84 NOTE
r-devel-linux-x86_64-debian-gcc 1.0.1 6.12 90.57 96.69 NOTE
r-devel-linux-x86_64-fedora-clang 1.0.1 160.44 NOTE
r-devel-linux-x86_64-fedora-gcc 1.0.1 166.93 NOTE
r-devel-windows-x86_64 1.0.1 7.00 152.00 159.00 NOTE
r-patched-linux-x86_64 1.0.1 NOTE
r-release-linux-x86_64 1.0.1 8.34 115.93 124.27 NOTE
r-release-macos-arm64 1.0.1 68.00 NOTE
r-release-macos-x86_64 1.0.1 104.00 NOTE
r-release-windows-x86_64 1.0.1 10.00 152.00 162.00 NOTE
r-oldrel-macos-arm64 1.0.1 62.00 OK
r-oldrel-macos-x86_64 1.0.1 86.00 OK
r-oldrel-windows-x86_64 1.0.1 10.00 155.00 165.00 OK

Check Details

Version: 1.0.1
Check: Rd files
Result: NOTE
    checkRd: (-1) caic-class.Rd:14: Escaped LaTeX specials: \$ \$
    checkRd: (-1) caic-class.Rd:15: Escaped LaTeX specials: \$ \$
Flavors: r-devel-linux-x86_64-debian-clang, r-devel-linux-x86_64-debian-gcc, r-devel-linux-x86_64-fedora-clang, r-devel-linux-x86_64-fedora-gcc, r-devel-windows-x86_64, r-patched-linux-x86_64, r-release-linux-x86_64, r-release-macos-arm64, r-release-macos-x86_64, r-release-windows-x86_64