CRAN Package Check Results for Package cartogram

Last updated on 2021-12-02 22:55:47 CET.

Flavor Version Tinstall Tcheck Ttotal Status Flags
r-devel-linux-x86_64-debian-clang 0.2.2 4.67 65.74 70.41 NOTE
r-devel-linux-x86_64-debian-gcc 0.2.2 3.59 48.91 52.50 NOTE
r-devel-linux-x86_64-fedora-clang 0.2.2 98.22 NOTE
r-devel-linux-x86_64-fedora-gcc 0.2.2 85.51 NOTE
r-devel-windows-x86_64-new-UL 0.2.2 11.00 102.00 113.00 NOTE
r-devel-windows-x86_64-new-TK 0.2.2 NOTE
r-devel-windows-x86_64-old 0.2.2 9.00 66.00 75.00 NOTE
r-patched-linux-x86_64 0.2.2 4.33 61.11 65.44 NOTE
r-patched-solaris-x86 0.2.2 113.70 NOTE
r-release-linux-x86_64 0.2.2 4.04 60.44 64.48 NOTE
r-release-macos-arm64 0.2.2 NOTE
r-release-macos-x86_64 0.2.2 NOTE
r-release-windows-ix86+x86_64 0.2.2 13.00 89.00 102.00 NOTE
r-oldrel-macos-x86_64 0.2.2 OK
r-oldrel-windows-ix86+x86_64 0.2.2 13.00 86.00 99.00 OK

Check Details

Version: 0.2.2
Check: LazyData
Result: NOTE
     'LazyData' is specified without a 'data' directory
Flavors: r-devel-linux-x86_64-debian-clang, r-devel-linux-x86_64-debian-gcc, r-devel-linux-x86_64-fedora-clang, r-devel-linux-x86_64-fedora-gcc, r-devel-windows-x86_64-new-UL, r-devel-windows-x86_64-new-TK, r-devel-windows-x86_64-old, r-patched-linux-x86_64, r-patched-solaris-x86, r-release-linux-x86_64, r-release-macos-arm64, r-release-macos-x86_64, r-release-windows-ix86+x86_64