CRAN Package Check Results for Package cartogram

Last updated on 2023-06-02 23:03:15 CEST.

Flavor Version Tinstall Tcheck Ttotal Status Flags
r-devel-linux-x86_64-debian-clang 0.3.0 3.76 63.08 66.84 OK
r-devel-linux-x86_64-debian-gcc 0.3.0 3.85 47.88 51.73 OK
r-devel-linux-x86_64-fedora-clang 0.3.0 82.21 OK
r-devel-linux-x86_64-fedora-gcc 0.3.0 79.61 OK
r-devel-windows-x86_64 0.3.0 7.00 66.00 73.00 OK
r-patched-linux-x86_64 0.3.0 OK
r-release-linux-x86_64 0.3.0 4.67 60.15 64.82 OK
r-release-macos-arm64 0.3.0 29.00 OK
r-release-macos-x86_64 0.2.2 45.00 NOTE
r-release-windows-x86_64 0.3.0 6.00 72.00 78.00 OK
r-oldrel-macos-arm64 0.3.0 32.00 OK
r-oldrel-macos-x86_64 0.3.0 42.00 OK
r-oldrel-windows-x86_64 0.3.0 9.00 74.00 83.00 OK

Check Details

Version: 0.2.2
Check: LazyData
Result: NOTE
     'LazyData' is specified without a 'data' directory
Flavor: r-release-macos-x86_64