CRAN Package Check Results for Package cascadess

Last updated on 2022-05-15 22:51:33 CEST.

Flavor Version Tinstall Tcheck Ttotal Status Flags
r-devel-linux-x86_64-debian-clang 0.1.0 2.25 54.07 56.32 NOTE
r-devel-linux-x86_64-debian-gcc 0.1.0 2.88 41.21 44.09 NOTE
r-devel-linux-x86_64-fedora-clang 0.1.0 68.11 NOTE
r-devel-linux-x86_64-fedora-gcc 0.1.0 65.62 NOTE
r-devel-windows-x86_64 0.1.0 52.00 71.00 123.00 NOTE
r-patched-linux-x86_64 0.1.0 4.59 51.31 55.90 NOTE
r-release-linux-x86_64 0.1.0 3.82 50.92 54.74 NOTE
r-release-macos-arm64 0.1.0 23.00 NOTE
r-release-macos-x86_64 0.1.0 31.00 NOTE
r-release-windows-x86_64 0.1.0 53.00 71.00 124.00 NOTE
r-oldrel-macos-arm64 0.1.0 26.00 NOTE
r-oldrel-macos-x86_64 0.1.0 38.00 NOTE
r-oldrel-windows-ix86+x86_64 0.1.0 12.00 62.00 74.00 NOTE

Check Details

Version: 0.1.0
Check: LazyData
Result: NOTE
     'LazyData' is specified without a 'data' directory
Flavors: r-devel-linux-x86_64-debian-clang, r-devel-linux-x86_64-debian-gcc, r-devel-linux-x86_64-fedora-clang, r-devel-linux-x86_64-fedora-gcc, r-devel-windows-x86_64, r-patched-linux-x86_64, r-release-linux-x86_64, r-release-macos-arm64, r-release-macos-x86_64, r-release-windows-x86_64, r-oldrel-macos-arm64, r-oldrel-macos-x86_64, r-oldrel-windows-ix86+x86_64