CRAN Package Check Results for Package cassandRa

Last updated on 2023-03-24 22:55:05 CET.

Flavor Version Tinstall Tcheck Ttotal Status Flags
r-devel-linux-x86_64-debian-clang 0.1.0 7.00 120.78 127.78 NOTE
r-devel-linux-x86_64-debian-gcc 0.1.0 5.75 85.41 91.16 NOTE
r-devel-linux-x86_64-fedora-clang 0.1.0 152.32 NOTE
r-devel-linux-x86_64-fedora-gcc 0.1.0 157.42 NOTE
r-patched-linux-x86_64 0.1.0 6.44 114.80 121.24 NOTE
r-release-linux-x86_64 0.1.0 7.14 112.30 119.44 NOTE
r-release-macos-arm64 0.1.0 44.00 NOTE
r-release-macos-x86_64 0.1.0 83.00 NOTE
r-release-windows-x86_64 0.1.0 18.00 141.00 159.00 NOTE
r-oldrel-macos-arm64 0.1.0 68.00 NOTE
r-oldrel-macos-x86_64 0.1.0 64.00 NOTE
r-oldrel-windows-ix86+x86_64 0.1.0 17.00 211.00 228.00 NOTE

Check Details

Version: 0.1.0
Check: LazyData
Result: NOTE
     'LazyData' is specified without a 'data' directory
Flavors: r-devel-linux-x86_64-debian-clang, r-devel-linux-x86_64-debian-gcc, r-devel-linux-x86_64-fedora-clang, r-devel-linux-x86_64-fedora-gcc, r-patched-linux-x86_64, r-release-linux-x86_64, r-release-macos-arm64, r-release-macos-x86_64, r-release-windows-x86_64, r-oldrel-macos-arm64, r-oldrel-macos-x86_64, r-oldrel-windows-ix86+x86_64