CRAN Package Check Results for Package catdata

Last updated on 2021-12-02 22:55:47 CET.

Flavor Version Tinstall Tcheck Ttotal Status Flags
r-devel-linux-x86_64-debian-clang 1.2.2 2.53 398.02 400.55 NOTE
r-devel-linux-x86_64-debian-gcc 1.2.2 2.19 293.40 295.59 NOTE
r-devel-linux-x86_64-fedora-clang 1.2.2 519.04 NOTE
r-devel-linux-x86_64-fedora-gcc 1.2.2 490.59 NOTE
r-devel-windows-x86_64-new-UL 1.2.2 14.00 1158.00 1172.00 NOTE
r-devel-windows-x86_64-new-TK 1.2.2 NOTE
r-devel-windows-x86_64-old 1.2.2 6.00 907.00 913.00 OK
r-patched-linux-x86_64 1.2.2 4.00 130.17 134.17 NOTE
r-patched-solaris-x86 1.2.2 255.30 NOTE
r-release-linux-x86_64 1.2.2 3.64 130.20 133.84 NOTE
r-release-macos-arm64 1.2.2 NOTE
r-release-macos-x86_64 1.2.2 NOTE
r-release-windows-ix86+x86_64 1.2.2 11.00 657.00 668.00 OK
r-oldrel-macos-x86_64 1.2.2 OK
r-oldrel-windows-ix86+x86_64 1.2.2 10.00 234.00 244.00 OK

Check Details

Version: 1.2.2
Check: package dependencies
Result: NOTE
    Package suggested but not available for checking: 'GAMBoost'
Flavors: r-devel-linux-x86_64-debian-clang, r-devel-linux-x86_64-debian-gcc, r-devel-linux-x86_64-fedora-clang, r-devel-linux-x86_64-fedora-gcc, r-devel-windows-x86_64-new-UL, r-devel-windows-x86_64-new-TK, r-patched-linux-x86_64, r-patched-solaris-x86, r-release-linux-x86_64, r-release-macos-arm64, r-release-macos-x86_64