Last updated on 2023-05-29 23:03:40 CEST.
Flavor | Version | Tinstall | Tcheck | Ttotal | Status | Flags |
---|---|---|---|---|---|---|
r-devel-linux-x86_64-debian-clang | 1.2.3 | 3.56 | 145.99 | 149.55 | OK | |
r-devel-linux-x86_64-debian-gcc | 1.2.3 | 2.59 | 121.19 | 123.78 | OK | |
r-devel-linux-x86_64-fedora-clang | 1.2.3 | 205.98 | OK | |||
r-devel-linux-x86_64-fedora-gcc | 1.2.3 | 216.27 | OK | |||
r-devel-windows-x86_64 | 1.2.3 | 5.00 | 451.00 | 456.00 | OK | |
r-patched-linux-x86_64 | 1.2.3 | 4.30 | 145.35 | 149.65 | OK | |
r-release-linux-x86_64 | 1.2.3 | 3.25 | 145.49 | 148.74 | OK | |
r-release-macos-arm64 | 1.2.3 | 120.00 | OK | |||
r-release-macos-x86_64 | 1.2.2 | 570.00 | NOTE | |||
r-release-windows-x86_64 | 1.2.3 | 5.00 | 345.00 | 350.00 | OK | |
r-oldrel-macos-arm64 | 1.2.3 | 137.00 | OK | |||
r-oldrel-macos-x86_64 | 1.2.3 | 139.00 | OK | |||
r-oldrel-windows-x86_64 | 1.2.3 | 6.00 | 346.00 | 352.00 | OK |
Version: 1.2.2
Check: package dependencies
Result: NOTE
Package suggested but not available for checking: ‘GAMBoost’
Flavor: r-release-macos-x86_64