CRAN Package Check Results for Package catseyes

Last updated on 2022-01-18 22:47:18 CET.

Flavor Version Tinstall Tcheck Ttotal Status Flags
r-devel-linux-x86_64-debian-clang 0.2.5 2.00 31.02 33.02 NOTE
r-devel-linux-x86_64-debian-gcc 0.2.5 1.55 25.20 26.75 NOTE
r-devel-linux-x86_64-fedora-clang 0.2.5 44.19 NOTE
r-devel-linux-x86_64-fedora-gcc 0.2.5 30.87 NOTE
r-devel-windows-x86_64-new-UL 0.2.5 15.00 47.00 62.00 NOTE
r-devel-windows-x86_64-new-TK 0.2.5 NOTE
r-patched-linux-x86_64 0.2.5 1.88 28.62 30.50 NOTE
r-release-linux-x86_64 0.2.5 NOTE
r-release-macos-arm64 0.2.5 NOTE
r-release-macos-x86_64 0.2.5 NOTE
r-release-windows-ix86+x86_64 0.2.5 5.00 38.00 43.00 NOTE
r-oldrel-macos-x86_64 0.2.5 OK
r-oldrel-windows-ix86+x86_64 0.2.5 4.00 36.00 40.00 OK

Check Details

Version: 0.2.5
Check: LazyData
Result: NOTE
     'LazyData' is specified without a 'data' directory
Flavors: r-devel-linux-x86_64-debian-clang, r-devel-linux-x86_64-debian-gcc, r-devel-linux-x86_64-fedora-clang, r-devel-linux-x86_64-fedora-gcc, r-devel-windows-x86_64-new-UL, r-devel-windows-x86_64-new-TK, r-patched-linux-x86_64, r-release-linux-x86_64, r-release-macos-arm64, r-release-macos-x86_64, r-release-windows-ix86+x86_64