CRAN Package Check Results for Package catsim

Last updated on 2021-12-04 22:59:29 CET.

Flavor Version Tinstall Tcheck Ttotal Status Flags
r-devel-linux-x86_64-debian-clang 0.2.3 46.52 194.73 241.25 OK
r-devel-linux-x86_64-debian-gcc 0.2.3 38.10 140.59 178.69 OK
r-devel-linux-x86_64-fedora-clang 0.2.3 312.44 NOTE
r-devel-linux-x86_64-fedora-gcc 0.2.3 294.70 OK
r-devel-windows-x86_64-new-UL 0.2.3 68.00 268.00 336.00 OK
r-devel-windows-x86_64-new-TK 0.2.3 OK
r-devel-windows-x86_64-old 0.2.3 63.00 174.00 237.00 OK
r-patched-linux-x86_64 0.2.3 45.28 174.85 220.13 OK
r-release-linux-x86_64 0.2.3 37.24 172.99 210.23 OK
r-release-macos-arm64 0.2.3 NOTE
r-release-macos-x86_64 0.2.3 NOTE
r-release-windows-ix86+x86_64 0.2.3 114.00 268.00 382.00 OK
r-oldrel-macos-x86_64 0.2.3 NOTE
r-oldrel-windows-ix86+x86_64 0.2.3 114.00 264.00 378.00 OK

Check Details

Version: 0.2.3
Check: installed package size
Result: NOTE
     installed size is 5.4Mb
     sub-directories of 1Mb or more:
     libs 5.1Mb
Flavors: r-devel-linux-x86_64-fedora-clang, r-release-macos-arm64, r-release-macos-x86_64, r-oldrel-macos-x86_64