CRAN Package Check Results for Package cbsodataR

Last updated on 2021-11-28 22:51:10 CET.

Flavor Version Tinstall Tcheck Ttotal Status Flags
r-devel-linux-x86_64-debian-clang 0.5.1 OK
r-devel-linux-x86_64-debian-gcc 0.5.1 2.22 27.85 30.07 OK
r-devel-linux-x86_64-fedora-clang 0.5.1 57.97 OK
r-devel-linux-x86_64-fedora-gcc 0.5.1 48.06 OK
r-devel-windows-x86_64-new-UL 0.5.1 12.00 87.00 99.00 OK
r-devel-windows-x86_64-new-TK 0.5.1 OK
r-devel-windows-x86_64-old 0.5.1 5.00 55.00 60.00 ERROR
r-patched-linux-x86_64 0.5.1 3.70 33.93 37.63 OK
r-patched-solaris-x86 0.5.1 71.10 OK
r-release-linux-x86_64 0.5.1 2.83 34.80 37.63 OK
r-release-macos-arm64 0.5.1 OK
r-release-macos-x86_64 0.5.1 OK
r-release-windows-ix86+x86_64 0.5.1 8.00 51.00 59.00 ERROR
r-oldrel-macos-x86_64 0.5.1 OK
r-oldrel-windows-ix86+x86_64 0.5.1 6.00 52.00 58.00 ERROR

Check Details

Version: 0.5.1
Check: examples
Result: ERROR
    Running examples in 'cbsodataR-Ex.R' failed
    The error most likely occurred in:
    
    > ### Name: cbs_get_catalogs
    > ### Title: Retrieves the possible catalog values that can be used for
    > ### retrieving data
    > ### Aliases: cbs_get_catalogs
    >
    > ### ** Examples
    >
    > catalogs <- cbs_get_catalogs()
    Warning in open.connection(con, "rb") :
     URL 'https://opendata.cbs.nl/ODataCatalog/Tables?$format=json': status was 'SSL connect error'
    Warning: Failing: http://opendata.cbs.nl/ODataCatalog/Tables?$format=json
    Retrying...
    Warning in open.connection(con, "rb") :
     URL 'https://opendata.cbs.nl/ODataCatalog/Tables?$format=json': status was 'SSL connect error'
    Error in open.connection(con, "rb") :
     cannot open the connection to 'http://opendata.cbs.nl/ODataCatalog/Tables?$format=json'
    Calls: cbs_get_catalogs ... parse_and_simplify -> parseJSON -> parse_con -> open -> open.connection
    Execution halted
Flavor: r-devel-windows-x86_64-old

Version: 0.5.1
Check: examples
Result: ERROR
    Running examples in 'cbsodataR-Ex.R' failed
    The error most likely occurred in:
    
    > ### Name: cbs_get_catalogs
    > ### Title: Retrieves the possible catalog values that can be used for
    > ### retrieving data
    > ### Aliases: cbs_get_catalogs
    >
    > ### ** Examples
    >
    > catalogs <- cbs_get_catalogs()
    Warning in open.connection(con, "rb") :
     InternetOpenUrl failed: 'Die Serververbindung konnte nicht hergestellt werden.'
    Warning: Failing: http://opendata.cbs.nl/ODataCatalog/Tables?$format=json
    Retrying...
    Warning in open.connection(con, "rb") :
     InternetOpenUrl failed: 'Die Serververbindung konnte nicht hergestellt werden.'
    Error in open.connection(con, "rb") : cannot open the connection
    Calls: cbs_get_catalogs ... parse_and_simplify -> parseJSON -> parse_con -> open -> open.connection
    Execution halted
Flavors: r-release-windows-ix86+x86_64, r-oldrel-windows-ix86+x86_64