CRAN Package Check Results for Package cec2013

Last updated on 2021-11-26 23:03:19 CET.

Flavor Version Tinstall Tcheck Ttotal Status Flags
r-devel-linux-x86_64-debian-clang 0.1-5 5.21 18.81 24.02 OK
r-devel-linux-x86_64-debian-gcc 0.1-5 3.29 15.11 18.40 OK
r-devel-linux-x86_64-fedora-clang 0.1-5 40.70 NOTE
r-devel-linux-x86_64-fedora-gcc 0.1-5 28.21 NOTE
r-devel-windows-x86_64-new-UL 0.1-5 13.00 50.00 63.00 NOTE
r-devel-windows-x86_64-new-TK 0.1-5 OK
r-devel-windows-x86_64-old 0.1-5 8.00 36.00 44.00 NOTE
r-patched-linux-x86_64 0.1-5 3.94 18.14 22.08 OK
r-patched-solaris-x86 0.1-5 44.90 NOTE
r-release-linux-x86_64 0.1-5 OK
r-release-macos-arm64 0.1-5 NOTE
r-release-macos-x86_64 0.1-5 NOTE
r-release-windows-ix86+x86_64 0.1-5 11.00 29.00 40.00 NOTE
r-oldrel-macos-x86_64 0.1-5 NOTE
r-oldrel-windows-ix86+x86_64 0.1-5 11.00 27.00 38.00 NOTE

Check Details

Version: 0.1-5
Check: installed package size
Result: NOTE
     installed size is 9.5Mb
     sub-directories of 1Mb or more:
     extdata 9.3Mb
Flavors: r-devel-linux-x86_64-fedora-clang, r-devel-windows-x86_64-new-UL, r-devel-windows-x86_64-old, r-patched-solaris-x86, r-release-macos-arm64, r-release-macos-x86_64, r-release-windows-ix86+x86_64, r-oldrel-macos-x86_64, r-oldrel-windows-ix86+x86_64

Version: 0.1-5
Check: compiled code
Result: NOTE
    File ‘cec2013/libs/cec2013.so’:
     Found no calls to: ‘R_registerRoutines’, ‘R_useDynamicSymbols’
    
    It is good practice to register native routines and to disable symbol
    search.
    
    See ‘Writing portable packages’ in the ‘Writing R Extensions’ manual.
Flavors: r-devel-linux-x86_64-fedora-clang, r-devel-linux-x86_64-fedora-gcc