CRAN Package Check Results for Package ceramic

Last updated on 2022-01-28 23:00:29 CET.

Flavor Version Tinstall Tcheck Ttotal Status Flags
r-devel-linux-x86_64-debian-clang 0.6.0 30.78 284.65 315.43 NOTE
r-devel-linux-x86_64-debian-gcc 0.6.0 28.23 210.60 238.83 NOTE
r-devel-linux-x86_64-fedora-clang 0.6.0 339.60 NOTE
r-devel-linux-x86_64-fedora-gcc 0.6.0 353.62 NOTE
r-devel-windows-x86_64-new-UL 0.6.0 86.00 257.00 343.00 NOTE
r-devel-windows-x86_64-new-TK 0.6.0 NOTE
r-patched-linux-x86_64 0.6.0 30.21 243.37 273.58 NOTE
r-release-linux-x86_64 0.6.0 19.82 242.48 262.30 NOTE
r-release-macos-arm64 0.6.0 NOTE
r-release-macos-x86_64 0.6.0 NOTE
r-release-windows-ix86+x86_64 0.6.0 64.00 260.00 324.00 NOTE
r-oldrel-macos-x86_64 0.6.0 OK
r-oldrel-windows-ix86+x86_64 0.6.0 67.00 267.00 334.00 OK

Check Details

Version: 0.6.0
Check: LazyData
Result: NOTE
     'LazyData' is specified without a 'data' directory
Flavors: r-devel-linux-x86_64-debian-clang, r-devel-linux-x86_64-debian-gcc, r-devel-linux-x86_64-fedora-clang, r-devel-linux-x86_64-fedora-gcc, r-devel-windows-x86_64-new-UL, r-devel-windows-x86_64-new-TK, r-patched-linux-x86_64, r-release-linux-x86_64, r-release-macos-arm64, r-release-macos-x86_64, r-release-windows-ix86+x86_64