CRAN Package Check Results for Package cgam

Last updated on 2022-01-25 22:56:51 CET.

Flavor Version Tinstall Tcheck Ttotal Status Flags
r-devel-linux-x86_64-debian-clang 1.17 33.42 198.90 232.32 OK
r-devel-linux-x86_64-debian-gcc 1.17 27.86 159.49 187.35 OK
r-devel-linux-x86_64-fedora-clang 1.17 276.70 OK
r-devel-linux-x86_64-fedora-gcc 1.17 270.98 OK
r-devel-windows-x86_64-new-UL 1.17 70.00 197.00 267.00 OK
r-devel-windows-x86_64-new-TK 1.17 ERROR
r-patched-linux-x86_64 1.17 28.52 187.71 216.23 OK
r-release-linux-x86_64 1.17 30.79 190.62 221.41 OK
r-release-macos-arm64 1.17 OK
r-release-macos-x86_64 1.17 OK
r-release-windows-ix86+x86_64 1.17 53.00 206.00 259.00 OK
r-oldrel-macos-x86_64 1.17 OK
r-oldrel-windows-ix86+x86_64 1.17 53.00 200.00 253.00 OK

Check Details

Version: 1.17
Check: package dependencies
Result: ERROR
    Package required but not available: 'lme4'
    
    See section 'The DESCRIPTION file' in the 'Writing R Extensions'
    manual.
Flavor: r-devel-windows-x86_64-new-TK