CRAN Package Check Results for Package chem16S

Last updated on 2024-02-26 23:03:35 CET.

Flavor Version Tinstall Tcheck Ttotal Status Flags
r-devel-linux-x86_64-debian-clang 1.0.0 8.13 196.61 204.74 NOTE
r-devel-linux-x86_64-debian-gcc 1.0.0 5.90 150.36 156.26 NOTE
r-devel-linux-x86_64-fedora-clang 1.0.0 247.77 NOTE
r-devel-linux-x86_64-fedora-gcc 1.0.0 262.89 OK
r-devel-windows-x86_64 1.0.0 9.00 169.00 178.00 OK
r-patched-linux-x86_64 1.0.0 14.17 191.31 205.48 OK
r-release-linux-x86_64 1.0.0 7.10 192.48 199.58 OK
r-release-macos-arm64 1.0.0 13.00 ERROR
r-release-macos-x86_64 1.0.0 8.00 ERROR
r-release-windows-x86_64 1.0.0 11.00 202.00 213.00 OK
r-oldrel-macos-arm64 1.0.0 83.00 OK
r-oldrel-windows-x86_64 1.0.0 11.00 212.00 223.00 OK

Check Details

Version: 1.0.0
Check: Rd files
Result: NOTE checkRd: (-1) calc_metrics.Rd:22-25: Lost braces in \itemize; meant \describe ? checkRd: (-1) calc_metrics.Rd:26-29: Lost braces in \itemize; meant \describe ? checkRd: (-1) calc_metrics.Rd:30-33: Lost braces in \itemize; meant \describe ? checkRd: (-1) calc_metrics.Rd:34-37: Lost braces in \itemize; meant \describe ? checkRd: (-1) calc_metrics.Rd:38-44: Lost braces in \itemize; meant \describe ? checkRd: (-1) calc_metrics.Rd:45-48: Lost braces in \itemize; meant \describe ? checkRd: (-1) calc_metrics.Rd:49-52: Lost braces in \itemize; meant \describe ? checkRd: (-1) calc_metrics.Rd:53-55: Lost braces in \itemize; meant \describe ? checkRd: (-1) calc_metrics.Rd:56-58: Lost braces in \itemize; meant \describe ? checkRd: (-1) calc_metrics.Rd:59-61: Lost braces in \itemize; meant \describe ? checkRd: (-1) calc_metrics.Rd:62-64: Lost braces in \itemize; meant \describe ? Flavors: r-devel-linux-x86_64-debian-clang, r-devel-linux-x86_64-debian-gcc, r-devel-linux-x86_64-fedora-clang

Version: 1.0.0
Check: package dependencies
Result: ERROR Package required but not available: ‘phyloseq’ See section ‘The DESCRIPTION file’ in the ‘Writing R Extensions’ manual. Flavors: r-release-macos-arm64, r-release-macos-x86_64