Last updated on 2022-05-26 22:53:32 CEST.
Flavor | Version | Tinstall | Tcheck | Ttotal | Status | Flags |
---|---|---|---|---|---|---|
r-devel-linux-x86_64-debian-clang | 0.6-14 | 6.06 | 79.19 | 85.25 | OK | |
r-devel-linux-x86_64-debian-gcc | 0.6-14 | 5.49 | 66.23 | 71.72 | OK | |
r-devel-linux-x86_64-fedora-clang | 0.6-14 | 102.37 | OK | |||
r-devel-linux-x86_64-fedora-gcc | 0.6-14 | 102.16 | OK | |||
r-devel-windows-x86_64 | 0.6-14 | 27.00 | 115.00 | 142.00 | OK | |
r-patched-linux-x86_64 | 0.6-14 | 6.44 | 68.70 | 75.14 | OK | |
r-release-linux-x86_64 | 0.6-14 | 5.47 | 73.31 | 78.78 | OK | |
r-release-macos-arm64 | 0.6-14 | 29.00 | NOTE | |||
r-release-macos-x86_64 | 0.6-14 | 45.00 | OK | |||
r-release-windows-x86_64 | 0.6-14 | 27.00 | 116.00 | 143.00 | OK | |
r-oldrel-macos-arm64 | 0.6-14 | 42.00 | OK | |||
r-oldrel-macos-x86_64 | 0.6-14 | 62.00 | OK | |||
r-oldrel-windows-ix86+x86_64 | 0.6-14 | 15.00 | 96.00 | 111.00 | OK |
Version: 0.6-14
Check: package dependencies
Result: NOTE
Package suggested but not available for checking: ‘multtest’
Flavor: r-release-macos-arm64