CRAN Package Check Results for Package chess

Last updated on 2021-12-03 22:57:35 CET.

Flavor Version Tinstall Tcheck Ttotal Status Flags
r-devel-linux-x86_64-debian-clang 1.0.1 6.27 67.67 73.94 NOTE
r-devel-linux-x86_64-debian-gcc 1.0.1 5.21 53.88 59.09 NOTE
r-devel-linux-x86_64-fedora-clang 1.0.1 104.51 NOTE
r-devel-linux-x86_64-fedora-gcc 1.0.1 92.96 NOTE
r-devel-windows-x86_64-new-UL 1.0.1 17.00 115.00 132.00 NOTE
r-devel-windows-x86_64-new-TK 1.0.1 NOTE
r-devel-windows-x86_64-old 1.0.1 10.00 72.00 82.00 NOTE
r-patched-linux-x86_64 1.0.1 7.21 66.31 73.52 NOTE
r-release-linux-x86_64 1.0.1 6.60 66.38 72.98 NOTE
r-release-macos-arm64 1.0.1 NOTE
r-release-macos-x86_64 1.0.1 NOTE
r-release-windows-ix86+x86_64 1.0.1 16.00 95.00 111.00 NOTE
r-oldrel-macos-x86_64 1.0.1 OK
r-oldrel-windows-ix86+x86_64 1.0.1 16.00 94.00 110.00 OK

Check Details

Version: 1.0.1
Check: LazyData
Result: NOTE
     'LazyData' is specified without a 'data' directory
Flavors: r-devel-linux-x86_64-debian-clang, r-devel-linux-x86_64-debian-gcc, r-devel-linux-x86_64-fedora-clang, r-devel-linux-x86_64-fedora-gcc, r-devel-windows-x86_64-new-UL, r-devel-windows-x86_64-new-TK, r-devel-windows-x86_64-old, r-patched-linux-x86_64, r-release-linux-x86_64, r-release-macos-arm64, r-release-macos-x86_64, r-release-windows-ix86+x86_64