CRAN Package Check Results for Package chicane

Last updated on 2021-12-05 22:48:47 CET.

Flavor Version Tinstall Tcheck Ttotal Status Flags
r-devel-linux-x86_64-debian-clang 0.1.8 12.24 568.47 580.71 NOTE
r-devel-linux-x86_64-debian-gcc 0.1.8 7.98 483.84 491.82 NOTE
r-devel-linux-x86_64-fedora-clang 0.1.8 682.66 NOTE
r-devel-linux-x86_64-fedora-gcc 0.1.8 655.17 NOTE
r-devel-windows-x86_64-new-UL 0.1.8 24.00 790.00 814.00 NOTE
r-devel-windows-x86_64-new-TK 0.1.8 NOTE
r-devel-windows-x86_64-old 0.1.8 18.00 554.00 572.00 NOTE
r-patched-linux-x86_64 0.1.8 10.47 529.60 540.07 NOTE
r-release-linux-x86_64 0.1.8 10.67 515.92 526.59 NOTE
r-release-macos-arm64 0.1.8 NOTE
r-release-macos-x86_64 0.1.8 NOTE
r-release-windows-ix86+x86_64 0.1.8 25.00 653.00 678.00 NOTE
r-oldrel-macos-x86_64 0.1.8 NOTE
r-oldrel-windows-ix86+x86_64 0.1.8 25.00 688.00 713.00 NOTE

Check Details

Version: 0.1.8
Check: package dependencies
Result: NOTE
    Package suggested but not available for checking: 'countreg'
Flavors: r-devel-linux-x86_64-debian-clang, r-devel-linux-x86_64-debian-gcc, r-devel-linux-x86_64-fedora-clang, r-devel-linux-x86_64-fedora-gcc, r-devel-windows-x86_64-new-UL, r-devel-windows-x86_64-new-TK, r-devel-windows-x86_64-old, r-patched-linux-x86_64, r-release-linux-x86_64, r-release-macos-arm64, r-release-windows-ix86+x86_64, r-oldrel-windows-ix86+x86_64

Version: 0.1.8
Check: dependencies in R code
Result: NOTE
    Namespaces in Imports field not imported from:
     'knitr' 'rmarkdown'
     All declared Imports should be used.
Flavors: r-devel-linux-x86_64-fedora-clang, r-devel-linux-x86_64-fedora-gcc, r-devel-windows-x86_64-new-TK, r-release-macos-arm64, r-release-macos-x86_64, r-oldrel-macos-x86_64

Version: 0.1.8
Check: package dependencies
Result: NOTE
    Packages suggested but not available for checking:
     'GenomicInteractions', 'countreg'
Flavors: r-release-macos-x86_64, r-oldrel-macos-x86_64