CRAN Package Check Results for Package chillR

Last updated on 2021-12-06 21:51:09 CET.

Flavor Version Tinstall Tcheck Ttotal Status Flags
r-devel-linux-x86_64-debian-clang 0.72.5 55.93 416.48 472.41 OK
r-devel-linux-x86_64-debian-gcc 0.72.5 46.28 306.97 353.25 OK
r-devel-linux-x86_64-fedora-clang 0.72.6 611.66 NOTE
r-devel-linux-x86_64-fedora-gcc 0.72.6 615.03 OK
r-devel-windows-x86_64-new-UL 0.72.5 98.00 529.00 627.00 OK
r-devel-windows-x86_64-new-TK 0.72.5 OK
r-devel-windows-x86_64-old 0.72.5 81.00 399.00 480.00 OK
r-patched-linux-x86_64 0.72.5 49.18 407.52 456.70 OK
r-release-linux-x86_64 0.72.5 49.46 414.47 463.93 OK
r-release-macos-arm64 0.72.5 OK
r-release-macos-x86_64 0.72.5 OK
r-release-windows-ix86+x86_64 0.72.5 124.00 725.00 849.00 OK
r-oldrel-macos-x86_64 0.72.5 OK
r-oldrel-windows-ix86+x86_64 0.72.5 126.00 733.00 859.00 OK

Check Details

Version: 0.72.6
Check: package dependencies
Result: NOTE
    Imports includes 25 non-default packages.
    Importing from so many packages makes the package vulnerable to any of
    them becoming unavailable. Move as many as possible to Suggests and
    use conditionally.
Flavor: r-devel-linux-x86_64-fedora-clang