CRAN Package Check Results for Package chromer

Last updated on 2021-11-26 23:03:19 CET.

Flavor Version Tinstall Tcheck Ttotal Status Flags
r-devel-linux-x86_64-debian-clang 0.1 3.57 43.46 47.03 NOTE
r-devel-linux-x86_64-debian-gcc 0.1 3.42 32.70 36.12 NOTE
r-devel-linux-x86_64-fedora-clang 0.1 70.35 NOTE
r-devel-linux-x86_64-fedora-gcc 0.1 55.85 NOTE
r-devel-windows-x86_64-new-UL 0.1 9.00 83.00 92.00 NOTE
r-devel-windows-x86_64-new-TK 0.1 NOTE
r-devel-windows-x86_64-old 0.1 6.00 64.00 70.00 NOTE
r-patched-linux-x86_64 0.1 4.07 40.13 44.20 NOTE
r-patched-solaris-x86 0.1 80.60 NOTE
r-release-linux-x86_64 0.1 NOTE
r-release-macos-arm64 0.1 NOTE
r-release-macos-x86_64 0.1 NOTE
r-release-windows-ix86+x86_64 0.1 11.00 48.00 59.00 NOTE
r-oldrel-macos-x86_64 0.1 NOTE
r-oldrel-windows-ix86+x86_64 0.1 28.00 63.00 91.00 NOTE

Check Details

Version: 0.1
Check: DESCRIPTION meta-information
Result: NOTE
    Malformed Description field: should contain one or more complete sentences.
Flavors: r-devel-linux-x86_64-debian-clang, r-devel-linux-x86_64-debian-gcc, r-devel-linux-x86_64-fedora-clang, r-devel-linux-x86_64-fedora-gcc, r-devel-windows-x86_64-new-UL, r-devel-windows-x86_64-new-TK, r-devel-windows-x86_64-old, r-patched-linux-x86_64, r-patched-solaris-x86, r-release-linux-x86_64, r-release-macos-arm64, r-release-macos-x86_64, r-release-windows-ix86+x86_64, r-oldrel-macos-x86_64, r-oldrel-windows-ix86+x86_64

Version: 0.1
Check: R code for possible problems
Result: NOTE
    parse_counts: no visible global function definition for 'na.omit'
    Undefined global functions or variables:
     na.omit
    Consider adding
     importFrom("stats", "na.omit")
    to your NAMESPACE file.
Flavors: r-devel-linux-x86_64-debian-clang, r-devel-linux-x86_64-debian-gcc, r-devel-linux-x86_64-fedora-clang, r-devel-linux-x86_64-fedora-gcc, r-devel-windows-x86_64-new-UL, r-devel-windows-x86_64-new-TK, r-devel-windows-x86_64-old, r-patched-linux-x86_64, r-patched-solaris-x86, r-release-linux-x86_64, r-release-macos-arm64, r-release-macos-x86_64, r-release-windows-ix86+x86_64, r-oldrel-macos-x86_64, r-oldrel-windows-ix86+x86_64