CRAN Package Check Results for Package cimir

Last updated on 2024-02-20 23:53:50 CET.

Flavor Version Tinstall Tcheck Ttotal Status Flags
r-devel-linux-x86_64-debian-clang 0.4-1 NOTE
r-devel-linux-x86_64-debian-gcc 0.4-1 4.03 40.01 44.04 NOTE
r-devel-linux-x86_64-fedora-clang 0.4-1 73.89 NOTE
r-devel-linux-x86_64-fedora-gcc 0.4-1 80.06 NOTE
r-devel-windows-x86_64 0.4-1 6.00 62.00 68.00 NOTE
r-patched-linux-x86_64 0.4-1 3.54 50.87 54.41 NOTE
r-release-linux-x86_64 0.4-1 3.66 51.14 54.80 NOTE
r-release-macos-arm64 0.4-1 33.00 NOTE
r-release-macos-x86_64 0.4-1 43.00 NOTE
r-release-windows-x86_64 0.4-1 8.00 67.00 75.00 NOTE
r-oldrel-macos-arm64 0.4-1 28.00 NOTE
r-oldrel-windows-x86_64 0.4-1 8.00 69.00 77.00 NOTE

Check Details

Version: 0.4-1
Check: LazyData
Result: NOTE 'LazyData' is specified without a 'data' directory Flavors: r-devel-linux-x86_64-debian-clang, r-devel-linux-x86_64-debian-gcc, r-devel-linux-x86_64-fedora-clang, r-devel-linux-x86_64-fedora-gcc, r-devel-windows-x86_64, r-patched-linux-x86_64, r-release-linux-x86_64, r-release-macos-arm64, r-release-macos-x86_64, r-release-windows-x86_64, r-oldrel-macos-arm64, r-oldrel-windows-x86_64