CRAN Package Check Results for Package cimir

Last updated on 2021-12-02 22:55:48 CET.

Flavor Version Tinstall Tcheck Ttotal Status Flags
r-devel-linux-x86_64-debian-clang 0.4-1 4.87 47.64 52.51 NOTE
r-devel-linux-x86_64-debian-gcc 0.4-1 3.85 36.52 40.37 NOTE
r-devel-linux-x86_64-fedora-clang 0.4-1 76.17 NOTE
r-devel-linux-x86_64-fedora-gcc 0.4-1 62.02 NOTE
r-devel-windows-x86_64-new-UL 0.4-1 14.00 92.00 106.00 NOTE
r-devel-windows-x86_64-new-TK 0.4-1 NOTE
r-devel-windows-x86_64-old 0.4-1 9.00 51.00 60.00 NOTE
r-patched-linux-x86_64 0.4-1 5.05 44.83 49.88 NOTE
r-patched-solaris-x86 0.4-1 93.40 NOTE
r-release-linux-x86_64 0.4-1 4.61 44.75 49.36 NOTE
r-release-macos-arm64 0.4-1 NOTE
r-release-macos-x86_64 0.4-1 NOTE
r-release-windows-ix86+x86_64 0.4-1 12.00 66.00 78.00 NOTE
r-oldrel-macos-x86_64 0.4-1 OK
r-oldrel-windows-ix86+x86_64 0.4-1 13.00 68.00 81.00 OK

Check Details

Version: 0.4-1
Check: LazyData
Result: NOTE
     'LazyData' is specified without a 'data' directory
Flavors: r-devel-linux-x86_64-debian-clang, r-devel-linux-x86_64-debian-gcc, r-devel-linux-x86_64-fedora-clang, r-devel-linux-x86_64-fedora-gcc, r-devel-windows-x86_64-new-UL, r-devel-windows-x86_64-new-TK, r-devel-windows-x86_64-old, r-patched-linux-x86_64, r-patched-solaris-x86, r-release-linux-x86_64, r-release-macos-arm64, r-release-macos-x86_64, r-release-windows-ix86+x86_64