Last updated on 2023-03-25 22:55:25 CET.
Flavor | Version | Tinstall | Tcheck | Ttotal | Status | Flags |
---|---|---|---|---|---|---|
r-devel-linux-x86_64-debian-clang | 0.1.0 | 12.88 | 133.36 | 146.24 | OK | |
r-devel-linux-x86_64-debian-gcc | 0.1.0 | 9.40 | 99.38 | 108.78 | OK | |
r-devel-linux-x86_64-fedora-gcc | 0.1.0 | 187.44 | OK | |||
r-patched-linux-x86_64 | 0.1.0 | 11.63 | 115.01 | 126.64 | OK | |
r-release-linux-x86_64 | 0.1.0 | 8.86 | 117.46 | 126.32 | OK | |
r-release-macos-arm64 | 0.1.0 | 47.00 | OK | |||
r-release-macos-x86_64 | 0.1.0 | 66.00 | OK | |||
r-release-windows-x86_64 | 0.1.0 | 42.00 | 152.00 | 194.00 | OK | |
r-oldrel-macos-arm64 | 0.1.0 | 51.00 | OK | |||
r-oldrel-macos-x86_64 | 0.1.0 | 72.00 | OK | |||
r-oldrel-windows-ix86+x86_64 | 0.1.0 | 27.00 | 139.00 | 166.00 | WARN |
Version: 0.1.0
Check: dependencies in R code
Result: NOTE
Initiating curl with CURL_SSL_BACKEND: openssl
Flavor: r-oldrel-windows-ix86+x86_64
Version: 0.1.0
Check: foreign function calls
Result: NOTE
Initiating curl with CURL_SSL_BACKEND: openssl
See chapter 'System and foreign language interfaces' in the 'Writing R
Extensions' manual.
Flavor: r-oldrel-windows-ix86+x86_64
Version: 0.1.0
Check: R code for possible problems
Result: NOTE
Initiating curl with CURL_SSL_BACKEND: openssl
Flavor: r-oldrel-windows-ix86+x86_64
Version: 0.1.0
Check: for code/documentation mismatches
Result: WARN
Initiating curl with CURL_SSL_BACKEND: openssl
Flavor: r-oldrel-windows-ix86+x86_64