CRAN Package Check Results for Package clustermq

Last updated on 2021-12-02 22:55:48 CET.

Flavor Version Tinstall Tcheck Ttotal Status Flags
r-devel-linux-x86_64-debian-clang 0.8.95.2 38.56 56.83 95.39 OK
r-devel-linux-x86_64-debian-gcc 0.8.95.2 28.82 44.30 73.12 OK
r-devel-linux-x86_64-fedora-clang 0.8.95.2 152.56 NOTE
r-devel-linux-x86_64-fedora-gcc 0.8.95.2 125.03 NOTE
r-devel-windows-x86_64-new-UL 0.8.95.2 62.00 141.00 203.00 OK
r-devel-windows-x86_64-new-TK 0.8.95.2 WARN
r-devel-windows-x86_64-old 0.8.95.2 61.00 70.00 131.00 OK
r-patched-linux-x86_64 0.8.95.2 37.59 56.44 94.03 OK
r-patched-solaris-x86 0.8.95.2 119.80 NOTE
r-release-linux-x86_64 0.8.95.2 36.47 56.69 93.16 OK
r-release-macos-arm64 0.8.95.2 NOTE
r-release-macos-x86_64 0.8.95.2 NOTE
r-release-windows-ix86+x86_64 0.8.95.2 104.00 126.00 230.00 OK
r-oldrel-macos-x86_64 0.8.95.2 NOTE
r-oldrel-windows-ix86+x86_64 0.8.95.2 103.00 120.00 223.00 OK

Check Details

Version: 0.8.95.2
Check: dependencies in R code
Result: NOTE
    Namespaces in Imports field not imported from:
     ‘R6’ ‘methods’ ‘purrr’
     All declared Imports should be used.
Flavors: r-devel-linux-x86_64-fedora-clang, r-devel-linux-x86_64-fedora-gcc, r-devel-windows-x86_64-new-TK, r-patched-solaris-x86, r-release-macos-arm64, r-release-macos-x86_64, r-oldrel-macos-x86_64

Version: 0.8.95.2
Check: re-building of vignette outputs
Result: WARN
    Error(s) in re-building vignettes:
    --- re-building 'quickstart.Rmd' using rmarkdown
    Could not fetch http://image.ibb.co/cRgYNR/plot.png
    HttpExceptionRequest Request {
     host = "image.ibb.co"
     port = 80
     secure = False
     requestHeaders = []
     path = "/cRgYNR/plot.png"
     queryString = ""
     method = "GET"
     proxy = Nothing
     rawBody = False
     redirectCount = 10
     responseTimeout = ResponseTimeoutDefault
     requestVersion = HTTP/1.1
    }
     (ConnectionFailure user error (Network.Socket.gai_strerror not supported: 11001))
    Error: processing vignette 'quickstart.Rmd' failed with diagnostics:
    pandoc document conversion failed with error 61
    --- failed re-building 'quickstart.Rmd'
    
    --- re-building 'technicaldocs.Rmd' using rmarkdown
    --- finished re-building 'technicaldocs.Rmd'
    
    --- re-building 'userguide.Rmd' using rmarkdown
    --- finished re-building 'userguide.Rmd'
    
    SUMMARY: processing the following file failed:
     'quickstart.Rmd'
    
    Error: Vignette re-building failed.
    Execution halted
Flavor: r-devel-windows-x86_64-new-TK

Version: 0.8.95.2
Check: installed package size
Result: NOTE
     installed size is 16.3Mb
     sub-directories of 1Mb or more:
     libs 15.4Mb
Flavors: r-release-macos-arm64, r-release-macos-x86_64, r-oldrel-macos-x86_64