CRAN Package Check Results for Package clustvarsel

Last updated on 2021-12-02 22:55:48 CET.

Flavor Version Tinstall Tcheck Ttotal Status Flags
r-devel-linux-x86_64-debian-clang 2.3.4 10.74 84.76 95.50 NOTE
r-devel-linux-x86_64-debian-gcc 2.3.4 7.54 64.93 72.47 NOTE
r-devel-linux-x86_64-fedora-clang 2.3.4 124.40 NOTE
r-devel-linux-x86_64-fedora-gcc 2.3.4 113.51 NOTE
r-devel-windows-x86_64-new-UL 2.3.4 16.00 131.00 147.00 NOTE --no-vignettes
r-devel-windows-x86_64-new-TK 2.3.4 NOTE
r-devel-windows-x86_64-old 2.3.4 15.00 77.00 92.00 NOTE --no-vignettes
r-patched-linux-x86_64 2.3.4 12.82 82.07 94.89 NOTE
r-patched-solaris-x86 2.3.4 159.60 NOTE
r-release-linux-x86_64 2.3.4 9.79 81.43 91.22 NOTE
r-release-macos-arm64 2.3.4 NOTE
r-release-macos-x86_64 2.3.4 NOTE
r-release-windows-ix86+x86_64 2.3.4 22.00 73.00 95.00 NOTE --no-vignettes
r-oldrel-macos-x86_64 2.3.4 OK
r-oldrel-windows-ix86+x86_64 2.3.4 21.00 99.00 120.00 OK --no-vignettes

Check Details

Version: 2.3.4
Check: LazyData
Result: NOTE
     'LazyData' is specified without a 'data' directory
Flavors: r-devel-linux-x86_64-debian-clang, r-devel-linux-x86_64-debian-gcc, r-devel-linux-x86_64-fedora-clang, r-devel-linux-x86_64-fedora-gcc, r-devel-windows-x86_64-new-TK, r-patched-linux-x86_64, r-patched-solaris-x86, r-release-linux-x86_64, r-release-macos-arm64, r-release-macos-x86_64

Version: 2.3.4
Flags: --no-vignettes
Check: LazyData
Result: NOTE
     'LazyData' is specified without a 'data' directory
Flavors: r-devel-windows-x86_64-new-UL, r-devel-windows-x86_64-old, r-release-windows-ix86+x86_64