CRAN Package Check Results for Package clv

Last updated on 2021-12-07 22:59:26 CET.

Flavor Version Tinstall Tcheck Ttotal Status Flags
r-devel-linux-x86_64-debian-clang 0.3-2.2 6.74 42.60 49.34 OK
r-devel-linux-x86_64-debian-gcc 0.3-2.2 5.27 32.68 37.95 OK
r-devel-linux-x86_64-fedora-clang 0.3-2.2 62.06 NOTE
r-devel-linux-x86_64-fedora-gcc 0.3-2.2 49.95 NOTE
r-devel-windows-x86_64-new-UL 0.3-2.2 21.00 72.00 93.00 OK
r-devel-windows-x86_64-new-TK 0.3-2.2 OK
r-devel-windows-x86_64-old 0.3-2.2 12.00 57.00 69.00 OK
r-patched-linux-x86_64 0.3-2.2 6.33 40.87 47.20 OK
r-release-linux-x86_64 0.3-2.2 6.22 41.27 47.49 OK
r-release-macos-arm64 0.3-2.2 OK
r-release-macos-x86_64 0.3-2.2 OK
r-release-windows-ix86+x86_64 0.3-2.2 15.00 65.00 80.00 OK
r-oldrel-macos-x86_64 0.3-2.2 OK
r-oldrel-windows-ix86+x86_64 0.3-2.2 18.00 64.00 82.00 OK

Check Details

Version: 0.3-2.2
Check: compiled code
Result: NOTE
    File ‘clv/libs/clv.so’:
     Found no calls to: ‘R_registerRoutines’, ‘R_useDynamicSymbols’
    
    It is good practice to register native routines and to disable symbol
    search.
    
    See ‘Writing portable packages’ in the ‘Writing R Extensions’ manual.
Flavors: r-devel-linux-x86_64-fedora-clang, r-devel-linux-x86_64-fedora-gcc