CRAN Package Check Results for Package cmaes

Last updated on 2021-11-30 22:54:27 CET.

Flavor Version Tinstall Tcheck Ttotal Status Flags
r-devel-linux-x86_64-debian-clang 1.0-11 2.26 25.34 27.60 NOTE
r-devel-linux-x86_64-debian-gcc 1.0-11 1.58 21.09 22.67 NOTE
r-devel-linux-x86_64-fedora-clang 1.0-11 44.64 NOTE
r-devel-linux-x86_64-fedora-gcc 1.0-11 33.17 NOTE
r-devel-windows-x86_64-new-UL 1.0-11 7.00 59.00 66.00 NOTE
r-devel-windows-x86_64-new-TK 1.0-11 NOTE
r-devel-windows-x86_64-old 1.0-11 4.00 36.00 40.00 NOTE
r-patched-linux-x86_64 1.0-11 2.16 23.96 26.12 NOTE
r-patched-solaris-x86 1.0-11 48.70 NOTE
r-release-linux-x86_64 1.0-11 2.33 24.09 26.42 NOTE
r-release-macos-arm64 1.0-11 NOTE
r-release-macos-x86_64 1.0-11 NOTE
r-release-windows-ix86+x86_64 1.0-11 5.00 30.00 35.00 NOTE
r-oldrel-macos-x86_64 1.0-11 NOTE
r-oldrel-windows-ix86+x86_64 1.0-11 27.00 31.00 58.00 NOTE

Check Details

Version: 1.0-11
Check: R code for possible problems
Result: NOTE
    cma_es: no visible global function definition for 'rnorm'
    f_rand: no visible global function definition for 'runif'
    Undefined global functions or variables:
     rnorm runif
    Consider adding
     importFrom("stats", "rnorm", "runif")
    to your NAMESPACE file.
Flavors: r-devel-linux-x86_64-debian-clang, r-devel-linux-x86_64-debian-gcc, r-devel-linux-x86_64-fedora-clang, r-devel-linux-x86_64-fedora-gcc, r-devel-windows-x86_64-new-UL, r-devel-windows-x86_64-new-TK, r-devel-windows-x86_64-old, r-patched-linux-x86_64, r-patched-solaris-x86, r-release-linux-x86_64, r-release-macos-arm64, r-release-macos-x86_64, r-release-windows-ix86+x86_64, r-oldrel-macos-x86_64, r-oldrel-windows-ix86+x86_64

Version: 1.0-11
Check: LazyData
Result: NOTE
     'LazyData' is specified without a 'data' directory
Flavors: r-devel-linux-x86_64-debian-clang, r-devel-linux-x86_64-debian-gcc, r-devel-linux-x86_64-fedora-clang, r-devel-linux-x86_64-fedora-gcc, r-devel-windows-x86_64-new-UL, r-devel-windows-x86_64-new-TK, r-devel-windows-x86_64-old, r-patched-linux-x86_64, r-patched-solaris-x86, r-release-linux-x86_64, r-release-macos-arm64, r-release-macos-x86_64, r-release-windows-ix86+x86_64