CRAN Package Check Results for Package cmenet

Last updated on 2021-11-26 23:03:20 CET.

Flavor Version Tinstall Tcheck Ttotal Status Flags
r-devel-linux-x86_64-debian-clang 0.1.1 39.11 63.88 102.99 OK
r-devel-linux-x86_64-debian-gcc 0.1.1 28.47 50.23 78.70 OK
r-devel-linux-x86_64-fedora-clang 0.1.1 155.85 NOTE
r-devel-linux-x86_64-fedora-gcc 0.1.1 132.13 NOTE
r-devel-windows-x86_64-new-UL 0.1.1 59.00 123.00 182.00 OK
r-devel-windows-x86_64-new-TK 0.1.1 NOTE
r-devel-windows-x86_64-old 0.1.1 39.00 101.00 140.00 OK
r-patched-linux-x86_64 0.1.1 39.49 62.20 101.69 OK
r-patched-solaris-x86 0.1.1 159.90 NOTE
r-release-linux-x86_64 0.1.1 OK
r-release-macos-arm64 0.1.1 NOTE
r-release-macos-x86_64 0.1.1 NOTE
r-release-windows-ix86+x86_64 0.1.1 102.00 92.00 194.00 OK
r-oldrel-macos-x86_64 0.1.1 NOTE
r-oldrel-windows-ix86+x86_64 0.1.1 74.00 119.00 193.00 OK

Check Details

Version: 0.1.1
Check: dependencies in R code
Result: NOTE
    Namespace in Imports field not imported from: ‘MASS’
     All declared Imports should be used.
Flavors: r-devel-linux-x86_64-fedora-clang, r-devel-linux-x86_64-fedora-gcc, r-devel-windows-x86_64-new-TK, r-patched-solaris-x86, r-release-macos-arm64, r-release-macos-x86_64, r-oldrel-macos-x86_64