CRAN Package Check Results for Package cmprsk

Last updated on 2022-01-20 22:53:58 CET.

Flavor Version Tinstall Tcheck Ttotal Status Flags
r-devel-linux-x86_64-debian-clang 2.2-11 OK
r-devel-linux-x86_64-debian-gcc 2.2-11 7.36 56.42 63.78 OK
r-devel-linux-x86_64-fedora-clang 2.2-11 99.76 NOTE
r-devel-linux-x86_64-fedora-gcc 2.2-11 88.58 NOTE
r-devel-windows-x86_64-new-UL 2.2-11 27.00 93.00 120.00 OK
r-devel-windows-x86_64-new-TK 2.2-11 OK
r-patched-linux-x86_64 2.2-11 8.85 71.09 79.94 OK
r-release-linux-x86_64 2.2-11 6.97 70.84 77.81 OK
r-release-macos-arm64 2.2-11 OK
r-release-macos-x86_64 2.2-11 WARN --as-cran
r-release-windows-ix86+x86_64 2.2-11 22.00 106.00 128.00 OK
r-oldrel-macos-x86_64 2.2-10 OK
r-oldrel-windows-ix86+x86_64 2.2-11 22.00 106.00 128.00 OK

Check Details

Version: 2.2-11
Check: compiled code
Result: NOTE
    File ‘cmprsk/libs/cmprsk.so’:
     Found no calls to: ‘R_registerRoutines’, ‘R_useDynamicSymbols’
    
    It is good practice to register native routines and to disable symbol
    search.
    
    See ‘Writing portable packages’ in the ‘Writing R Extensions’ manual.
Flavors: r-devel-linux-x86_64-fedora-clang, r-devel-linux-x86_64-fedora-gcc

Version: 2.2-11
Flags: --as-cran
Check: CRAN incoming feasibility
Result: WARN
    Maintainer: ‘Bob Gray <gray@jimmy.harvard.edu>’
    
    Insufficient package version (submitted: 2.2.11, existing: 2.2.11)
    
    Days since last update: 1
Flavor: r-release-macos-x86_64

Version: 2.2-11
Flags: --as-cran
Check: compiled code
Result: NOTE
    File ‘cmprsk/libs/cmprsk.so’:
     Found no calls to: ‘R_registerRoutines’, ‘R_useDynamicSymbols’
    
    It is good practice to register native routines and to disable symbol
    search.
    
    See ‘Writing portable packages’ in the ‘Writing R Extensions’ manual.
Flavor: r-release-macos-x86_64