CRAN Package Check Results for Package cns

Last updated on 2021-12-04 22:59:30 CET.

Flavor Version Tinstall Tcheck Ttotal Status Flags
r-devel-linux-x86_64-debian-clang 0.1.0 1.83 27.24 29.07 OK
r-devel-linux-x86_64-debian-gcc 0.1.0 1.50 22.08 23.58 OK
r-devel-linux-x86_64-fedora-clang 0.1.0 37.74 OK
r-devel-linux-x86_64-fedora-gcc 0.1.0 26.73 OK
r-devel-windows-x86_64-new-UL 0.1.0 6.00 50.00 56.00 OK
r-devel-windows-x86_64-new-TK 0.1.0 OK
r-devel-windows-x86_64-old 0.1.0 4.00 26.00 30.00 OK
r-patched-linux-x86_64 0.1.0 1.95 18.68 20.63 OK
r-release-linux-x86_64 0.1.0 1.69 18.64 20.33 OK
r-release-macos-arm64 0.1.0 OK
r-release-macos-x86_64 0.1.0 OK
r-release-windows-ix86+x86_64 0.1.0 4.00 24.00 28.00 OK
r-oldrel-macos-x86_64 0.1.0 ERROR
r-oldrel-windows-ix86+x86_64 0.1.0 1.00 4.00 5.00 ERROR

Check Details

Version: 0.1.0
Check: whether package can be installed
Result: ERROR
    Installation failed.
Flavors: r-oldrel-macos-x86_64, r-oldrel-windows-ix86+x86_64