CRAN Package Check Results for Package cnum

Last updated on 2021-12-07 22:59:26 CET.

Flavor Version Tinstall Tcheck Ttotal Status Flags
r-devel-linux-x86_64-debian-clang 0.1.3 41.01 37.27 78.28 NOTE
r-devel-linux-x86_64-debian-gcc 0.1.3 34.24 29.66 63.90 NOTE
r-devel-linux-x86_64-fedora-clang 0.1.3 107.72 NOTE
r-devel-linux-x86_64-fedora-gcc 0.1.3 100.02 NOTE
r-devel-windows-x86_64-new-UL 0.1.3 56.00 95.00 151.00 NOTE
r-devel-windows-x86_64-new-TK 0.1.3 NOTE
r-devel-windows-x86_64-old 0.1.3 57.00 63.00 120.00 NOTE
r-patched-linux-x86_64 0.1.3 37.58 36.10 73.68 NOTE
r-release-linux-x86_64 0.1.3 40.43 36.12 76.55 NOTE
r-release-macos-arm64 0.1.3 NOTE
r-release-macos-x86_64 0.1.3 NOTE
r-release-windows-ix86+x86_64 0.1.3 74.00 74.00 148.00 NOTE
r-oldrel-macos-x86_64 0.1.3 OK
r-oldrel-windows-ix86+x86_64 0.1.3 105.00 70.00 175.00 OK

Check Details

Version: 0.1.3
Check: LazyData
Result: NOTE
     'LazyData' is specified without a 'data' directory
Flavors: r-devel-linux-x86_64-debian-clang, r-devel-linux-x86_64-debian-gcc, r-devel-linux-x86_64-fedora-clang, r-devel-linux-x86_64-fedora-gcc, r-devel-windows-x86_64-new-UL, r-devel-windows-x86_64-new-TK, r-devel-windows-x86_64-old, r-patched-linux-x86_64, r-release-linux-x86_64, r-release-macos-arm64, r-release-macos-x86_64, r-release-windows-ix86+x86_64