CRAN Package Check Results for Package coca

Last updated on 2021-12-02 22:55:48 CET.

Flavor Version Tinstall Tcheck Ttotal Status Flags
r-devel-linux-x86_64-debian-clang 1.1.0 3.55 104.25 107.80 NOTE
r-devel-linux-x86_64-debian-gcc 1.1.0 2.28 75.49 77.77 NOTE
r-devel-linux-x86_64-fedora-clang 1.1.0 134.64 NOTE
r-devel-linux-x86_64-fedora-gcc 1.1.0 124.39 NOTE
r-devel-windows-x86_64-new-UL 1.1.0 11.00 144.00 155.00 NOTE
r-devel-windows-x86_64-new-TK 1.1.0 NOTE
r-devel-windows-x86_64-old 1.1.0 7.00 108.00 115.00 NOTE
r-patched-linux-x86_64 1.1.0 3.37 98.37 101.74 NOTE
r-patched-solaris-x86 1.1.0 76.00 NOTE
r-release-linux-x86_64 1.1.0 3.36 97.82 101.18 NOTE
r-release-macos-arm64 1.1.0 NOTE
r-release-macos-x86_64 1.1.0 NOTE
r-release-windows-ix86+x86_64 1.1.0 8.00 128.00 136.00 NOTE
r-oldrel-macos-x86_64 1.1.0 NOTE
r-oldrel-windows-ix86+x86_64 1.1.0 9.00 127.00 136.00 OK

Check Details

Version: 1.1.0
Check: LazyData
Result: NOTE
     'LazyData' is specified without a 'data' directory
Flavors: r-devel-linux-x86_64-debian-clang, r-devel-linux-x86_64-debian-gcc, r-devel-linux-x86_64-fedora-clang, r-devel-linux-x86_64-fedora-gcc, r-devel-windows-x86_64-new-UL, r-devel-windows-x86_64-new-TK, r-devel-windows-x86_64-old, r-patched-linux-x86_64, r-patched-solaris-x86, r-release-linux-x86_64, r-release-macos-arm64, r-release-macos-x86_64, r-release-windows-ix86+x86_64

Version: 1.1.0
Check: dependencies in R code
Result: NOTE
    Namespaces in Imports field not imported from:
     ‘Matrix’ ‘nnet’
     All declared Imports should be used.
Flavors: r-devel-linux-x86_64-fedora-clang, r-devel-linux-x86_64-fedora-gcc, r-devel-windows-x86_64-new-TK, r-patched-solaris-x86, r-release-macos-arm64, r-release-macos-x86_64, r-oldrel-macos-x86_64