CRAN Package Check Results for Package cocorresp

Last updated on 2021-11-28 22:51:10 CET.

Flavor Version Tinstall Tcheck Ttotal Status Flags
r-devel-linux-x86_64-debian-clang 0.4-3 OK
r-devel-linux-x86_64-debian-gcc 0.4-3 7.54 72.59 80.13 OK
r-devel-linux-x86_64-fedora-clang 0.4-3 136.92 NOTE
r-devel-linux-x86_64-fedora-gcc 0.4-3 124.53 OK
r-devel-windows-x86_64-new-UL 0.4-3 21.00 145.00 166.00 OK
r-devel-windows-x86_64-new-TK 0.4-3 OK
r-devel-windows-x86_64-old 0.4-3 11.00 112.00 123.00 OK
r-patched-linux-x86_64 0.4-3 13.52 90.51 104.03 OK
r-patched-solaris-x86 0.4-3 172.80 OK
r-release-linux-x86_64 0.4-3 8.59 91.14 99.73 OK
r-release-macos-arm64 0.4-3 OK
r-release-macos-x86_64 0.4-3 OK
r-release-windows-ix86+x86_64 0.4-3 19.00 125.00 144.00 OK
r-oldrel-macos-x86_64 0.4-3 OK
r-oldrel-windows-ix86+x86_64 0.4-3 12.00 118.00 130.00 OK

Check Details

Version: 0.4-3
Check: Rd cross-references
Result: NOTE
    Undeclared package ‘pls’ in Rd xrefs
Flavor: r-devel-linux-x86_64-fedora-clang