CRAN Package Check Results for Package codingMatrices

Last updated on 2022-01-23 22:49:36 CET.

Flavor Version Tinstall Tcheck Ttotal Status Flags
r-devel-linux-x86_64-debian-clang 0.3.3 5.87 86.67 92.54 NOTE
r-devel-linux-x86_64-debian-gcc 0.3.3 5.00 76.64 81.64 NOTE
r-devel-linux-x86_64-fedora-clang 0.3.3 120.39 NOTE
r-devel-linux-x86_64-fedora-gcc 0.3.3 107.68 NOTE
r-devel-windows-x86_64-new-UL 0.3.3 52.00 141.00 193.00 NOTE
r-devel-windows-x86_64-new-TK 0.3.3 WARN
r-patched-linux-x86_64 0.3.3 5.72 83.48 89.20 NOTE
r-release-linux-x86_64 0.3.3 7.38 84.46 91.84 NOTE
r-release-macos-arm64 0.3.3 NOTE
r-release-macos-x86_64 0.3.3 NOTE
r-release-windows-ix86+x86_64 0.3.3 16.00 105.00 121.00 NOTE
r-oldrel-macos-x86_64 0.3.3 OK
r-oldrel-windows-ix86+x86_64 0.3.3 18.00 106.00 124.00 OK

Check Details

Version: 0.3.3
Check: LazyData
Result: NOTE
     'LazyData' is specified without a 'data' directory
Flavors: r-devel-linux-x86_64-debian-clang, r-devel-linux-x86_64-debian-gcc, r-devel-linux-x86_64-fedora-clang, r-devel-linux-x86_64-fedora-gcc, r-devel-windows-x86_64-new-UL, r-devel-windows-x86_64-new-TK, r-patched-linux-x86_64, r-release-linux-x86_64, r-release-macos-arm64, r-release-macos-x86_64, r-release-windows-ix86+x86_64

Version: 0.3.3
Check: package dependencies
Result: NOTE
    Package suggested but not available for checking: 'car'
Flavor: r-devel-windows-x86_64-new-TK

Version: 0.3.3
Check: re-building of vignette outputs
Result: WARN
    Error(s) in re-building vignettes:
    --- re-building 'codingMatrices.Rnw' using knitr
    Quitting from lines 1034-1035 (codingMatrices.Rnw)
    Error: processing vignette 'codingMatrices.Rnw' failed with diagnostics:
    there is no package called 'car'
    --- failed re-building 'codingMatrices.Rnw'
    
    SUMMARY: processing the following file failed:
     'codingMatrices.Rnw'
    
    Error: Vignette re-building failed.
    Execution halted
Flavor: r-devel-windows-x86_64-new-TK