Last updated on 2023-05-29 23:03:41 CEST.
Flavor | Version | Tinstall | Tcheck | Ttotal | Status | Flags |
---|---|---|---|---|---|---|
r-devel-linux-x86_64-debian-clang | 1.1.2 | 4.03 | 138.20 | 142.23 | NOTE | |
r-devel-linux-x86_64-debian-gcc | 1.1.2 | 3.48 | 104.86 | 108.34 | NOTE | |
r-devel-linux-x86_64-fedora-clang | 1.1.2 | 180.25 | NOTE | |||
r-devel-linux-x86_64-fedora-gcc | 1.1.2 | 181.76 | NOTE | |||
r-devel-windows-x86_64 | 1.1.2 | 7.00 | 153.00 | 160.00 | NOTE | |
r-patched-linux-x86_64 | 1.1.2 | 5.68 | 136.08 | 141.76 | NOTE | |
r-release-linux-x86_64 | 1.1.2 | 3.55 | 134.34 | 137.89 | NOTE | |
r-release-macos-arm64 | 1.1.2 | 74.00 | NOTE | |||
r-release-macos-x86_64 | 1.1.2 | 107.00 | NOTE | |||
r-release-windows-x86_64 | 1.1.2 | 8.00 | 171.00 | 179.00 | NOTE | |
r-oldrel-macos-arm64 | 1.1.2 | 59.00 | NOTE | |||
r-oldrel-macos-x86_64 | 1.1.2 | 92.00 | NOTE | |||
r-oldrel-windows-x86_64 | 1.1.2 | 8.00 | 181.00 | 189.00 | NOTE |
Version: 1.1.2
Check: LazyData
Result: NOTE
'LazyData' is specified without a 'data' directory
Flavors: r-devel-linux-x86_64-debian-clang, r-devel-linux-x86_64-debian-gcc, r-devel-linux-x86_64-fedora-clang, r-devel-linux-x86_64-fedora-gcc, r-devel-windows-x86_64, r-patched-linux-x86_64, r-release-linux-x86_64, r-release-macos-arm64, r-release-macos-x86_64, r-release-windows-x86_64, r-oldrel-macos-arm64, r-oldrel-macos-x86_64, r-oldrel-windows-x86_64
Version: 1.1.2
Check: dependencies in R code
Result: NOTE
Namespaces in Imports field not imported from:
‘magrittr’ ‘qpdf’
All declared Imports should be used.
Flavors: r-devel-linux-x86_64-fedora-clang, r-devel-linux-x86_64-fedora-gcc, r-oldrel-macos-arm64, r-oldrel-macos-x86_64