CRAN Package Check Results for Package colorizer

Last updated on 2023-02-06 00:52:25 CET.

Flavor Version Tinstall Tcheck Ttotal Status Flags
r-devel-linux-x86_64-debian-clang 0.1.0 6.34 47.82 54.16 NOTE
r-devel-linux-x86_64-debian-gcc 0.1.0 5.03 35.08 40.11 NOTE
r-devel-linux-x86_64-fedora-clang 0.1.0 74.19 NOTE
r-devel-linux-x86_64-fedora-gcc 0.1.0 62.58 NOTE
r-devel-windows-x86_64 0.1.0 20.00 75.00 95.00 NOTE
r-patched-linux-x86_64 0.1.0 6.33 45.39 51.72 NOTE
r-release-linux-x86_64 0.1.0 4.84 44.71 49.55 NOTE
r-release-macos-arm64 0.1.0 22.00 NOTE
r-release-macos-x86_64 0.1.0 43.00 NOTE
r-release-windows-x86_64 0.1.0 15.00 82.00 97.00 NOTE
r-oldrel-macos-arm64 0.1.0 27.00 NOTE
r-oldrel-macos-x86_64 0.1.0 40.00 NOTE
r-oldrel-windows-ix86+x86_64 0.1.0 15.00 73.00 88.00 NOTE

Check Details

Version: 0.1.0
Check: LazyData
Result: NOTE
     'LazyData' is specified without a 'data' directory
Flavors: r-devel-linux-x86_64-debian-clang, r-devel-linux-x86_64-debian-gcc, r-devel-linux-x86_64-fedora-clang, r-devel-linux-x86_64-fedora-gcc, r-devel-windows-x86_64, r-patched-linux-x86_64, r-release-linux-x86_64, r-release-macos-arm64, r-release-macos-x86_64, r-release-windows-x86_64, r-oldrel-macos-arm64, r-oldrel-macos-x86_64, r-oldrel-windows-ix86+x86_64