CRAN Package Check Results for Package completejourney

Last updated on 2021-12-03 22:57:36 CET.

Flavor Version Tinstall Tcheck Ttotal Status Flags
r-devel-linux-x86_64-debian-clang 1.1.0 10.53 53.34 63.87 OK
r-devel-linux-x86_64-debian-gcc 1.1.0 8.60 41.36 49.96 OK
r-devel-linux-x86_64-fedora-clang 1.1.0 88.81 OK
r-devel-linux-x86_64-fedora-gcc 1.1.0 76.53 OK
r-devel-windows-x86_64-new-UL 1.1.0 27.00 99.00 126.00 OK
r-devel-windows-x86_64-new-TK 1.1.0 OK
r-devel-windows-x86_64-old 1.1.0 21.00 58.00 79.00 OK
r-patched-linux-x86_64 1.1.0 10.77 48.61 59.38 OK
r-release-linux-x86_64 1.1.0 10.30 49.43 59.73 OK
r-release-macos-arm64 1.1.0 NOTE
r-release-macos-x86_64 1.1.0 OK
r-release-windows-ix86+x86_64 1.1.0 24.00 75.00 99.00 OK
r-oldrel-macos-x86_64 1.1.0 OK
r-oldrel-windows-ix86+x86_64 1.1.0 24.00 74.00 98.00 OK

Check Details

Version: 1.1.0
Check: installed package size
Result: NOTE
     installed size is 5.2Mb
     sub-directories of 1Mb or more:
     data 4.9Mb
Flavor: r-release-macos-arm64