CRAN Package Check Results for Package concordance

Last updated on 2022-05-16 22:52:07 CEST.

Flavor Version Tinstall Tcheck Ttotal Status Flags
r-devel-linux-x86_64-debian-clang 2.0.0 12.99 84.01 97.00 OK
r-devel-linux-x86_64-debian-gcc 2.0.0 10.12 62.58 72.70 OK
r-devel-linux-x86_64-fedora-clang 2.0.0 115.10 NOTE
r-devel-linux-x86_64-fedora-gcc 2.0.0 112.81 NOTE
r-devel-windows-x86_64 2.0.0 83.00 113.00 196.00 OK
r-patched-linux-x86_64 2.0.0 15.44 78.30 93.74 OK
r-release-linux-x86_64 2.0.0 10.60 77.32 87.92 OK
r-release-macos-arm64 2.0.0 33.00 NOTE
r-release-macos-x86_64 2.0.0 69.00 NOTE
r-release-windows-x86_64 2.0.0 110.00 106.00 216.00 OK
r-oldrel-macos-arm64 2.0.0 39.00 NOTE
r-oldrel-macos-x86_64 2.0.0 57.00 NOTE
r-oldrel-windows-ix86+x86_64 2.0.0 26.00 89.00 115.00 OK

Check Details

Version: 2.0.0
Check: data for non-ASCII characters
Result: NOTE
     Note: found 92 marked UTF-8 strings
Flavors: r-devel-linux-x86_64-fedora-clang, r-devel-linux-x86_64-fedora-gcc, r-release-macos-arm64, r-release-macos-x86_64, r-oldrel-macos-arm64, r-oldrel-macos-x86_64