CRAN Package Check Results for Package confSAM

Last updated on 2024-04-11 22:56:25 CEST.

Flavor Version Tinstall Tcheck Ttotal Status Flags
r-devel-linux-x86_64-debian-clang 0.2 2.48 26.90 29.38 NOTE
r-devel-linux-x86_64-debian-gcc 0.2 1.43 20.59 22.02 NOTE
r-devel-linux-x86_64-fedora-clang 0.2 36.85 NOTE
r-devel-linux-x86_64-fedora-gcc 0.2 129.88 NOTE
r-devel-windows-x86_64 0.2 4.00 43.00 47.00 NOTE
r-patched-linux-x86_64 0.2 1.77 26.01 27.78 NOTE
r-release-linux-x86_64 0.2 2.29 24.20 26.49 NOTE
r-release-macos-arm64 0.2 39.00 NOTE
r-release-macos-x86_64 0.2 69.00 NOTE
r-release-windows-x86_64 0.2 2.00 41.00 43.00 NOTE
r-oldrel-macos-arm64 0.2 35.00 NOTE
r-oldrel-windows-x86_64 0.2 3.00 45.00 48.00 NOTE

Check Details

Version: 0.2
Check: LazyData
Result: NOTE 'LazyData' is specified without a 'data' directory Flavors: r-devel-linux-x86_64-debian-clang, r-devel-linux-x86_64-debian-gcc, r-devel-linux-x86_64-fedora-clang, r-devel-linux-x86_64-fedora-gcc, r-devel-windows-x86_64, r-patched-linux-x86_64, r-release-linux-x86_64, r-release-macos-arm64, r-release-macos-x86_64, r-release-windows-x86_64, r-oldrel-macos-arm64, r-oldrel-windows-x86_64