Last updated on 2022-05-20 22:53:07 CEST.
Flavor | Version | Tinstall | Tcheck | Ttotal | Status | Flags |
---|---|---|---|---|---|---|
r-devel-linux-x86_64-debian-clang | 0.3.1 | 2.17 | 34.68 | 36.85 | OK | |
r-devel-linux-x86_64-debian-gcc | 0.3.1 | 1.50 | 26.86 | 28.36 | OK | |
r-devel-linux-x86_64-fedora-clang | 0.3.1 | 44.45 | OK | |||
r-devel-linux-x86_64-fedora-gcc | 0.3.1 | 43.17 | OK | |||
r-devel-windows-x86_64 | 0.3.1 | 14.00 | 52.00 | 66.00 | OK | |
r-patched-linux-x86_64 | 0.3.1 | 2.04 | 33.72 | 35.76 | OK | |
r-release-linux-x86_64 | 0.3.1 | 2.14 | 32.45 | 34.59 | OK | |
r-release-macos-arm64 | 0.3.1 | 17.00 | OK | |||
r-release-macos-x86_64 | 0.3.1 | 24.00 | OK | |||
r-release-windows-x86_64 | 0.3.1 | 14.00 | 53.00 | 67.00 | OK | |
r-oldrel-macos-arm64 | 0.3.1 | 19.00 | OK | |||
r-oldrel-macos-x86_64 | 0.3.1 | 28.00 | OK | |||
r-oldrel-windows-ix86+x86_64 | 0.3.1 | 9.00 | 42.00 | 51.00 | WARN |
Version: 0.3.1
Check: re-building of vignette outputs
Result: WARN
Error(s) in re-building vignettes:
--- re-building 'introduction.Rmd' using rmarkdown
Error: processing vignette 'introduction.Rmd' failed with diagnostics:
only `math_method = 'mathjax'` is supported with earlier version than Pandoc 2.0
--- failed re-building 'introduction.Rmd'
SUMMARY: processing the following file failed:
'introduction.Rmd'
Error: Vignette re-building failed.
Execution halted
Flavor: r-oldrel-windows-ix86+x86_64