CRAN Package Check Results for Package conics

Last updated on 2021-11-26 23:03:20 CET.

Flavor Version Tinstall Tcheck Ttotal Status Flags
r-devel-linux-x86_64-debian-clang 0.3 2.93 27.66 30.59 NOTE
r-devel-linux-x86_64-debian-gcc 0.3 1.75 22.20 23.95 NOTE
r-devel-linux-x86_64-fedora-clang 0.3 49.30 NOTE
r-devel-linux-x86_64-fedora-gcc 0.3 38.96 NOTE
r-devel-windows-x86_64-new-UL 0.3 6.00 73.00 79.00 NOTE
r-devel-windows-x86_64-new-TK 0.3 NOTE
r-devel-windows-x86_64-old 0.3 4.00 49.00 53.00 NOTE
r-patched-linux-x86_64 0.3 2.47 26.56 29.03 NOTE
r-patched-solaris-x86 0.3 58.30 NOTE
r-release-linux-x86_64 0.3 NOTE
r-release-macos-arm64 0.3 NOTE
r-release-macos-x86_64 0.3 NOTE
r-release-windows-ix86+x86_64 0.3 5.00 35.00 40.00 NOTE
r-oldrel-macos-x86_64 0.3 NOTE
r-oldrel-windows-ix86+x86_64 0.3 4.00 36.00 40.00 NOTE

Check Details

Version: 0.3
Check: DESCRIPTION meta-information
Result: NOTE
    Malformed Description field: should contain one or more complete sentences.
Flavors: r-devel-linux-x86_64-debian-clang, r-devel-linux-x86_64-debian-gcc, r-devel-linux-x86_64-fedora-clang, r-devel-linux-x86_64-fedora-gcc, r-devel-windows-x86_64-new-UL, r-devel-windows-x86_64-new-TK, r-devel-windows-x86_64-old, r-patched-linux-x86_64, r-patched-solaris-x86, r-release-linux-x86_64, r-release-macos-arm64, r-release-macos-x86_64, r-release-windows-ix86+x86_64, r-oldrel-macos-x86_64, r-oldrel-windows-ix86+x86_64

Version: 0.3
Check: R code for possible problems
Result: NOTE
    conicPlot: no visible global function definition for 'palette'
    conicPlotAsymptotes: no visible global function definition for
     'palette'
    conicPlotAsymptotes: no visible global function definition for 'abline'
    conicPlotAxes: no visible global function definition for 'palette'
    conicPlotAxes: no visible global function definition for 'abline'
    plotDegenerateConic: no visible global function definition for 'points'
    plotDegenerateConic: no visible global function definition for 'abline'
    plotEllipsis: no visible global function definition for 'lines'
    plotEllipsis: no visible global function definition for 'points'
    plotHyperbola: no visible global function definition for 'lines'
    plotHyperbola: no visible global function definition for 'points'
    plotParabola: no visible global function definition for 'lines'
    Undefined global functions or variables:
     abline lines palette points
    Consider adding
     importFrom("grDevices", "palette")
     importFrom("graphics", "abline", "lines", "points")
    to your NAMESPACE file.
Flavors: r-devel-linux-x86_64-debian-clang, r-devel-linux-x86_64-debian-gcc, r-devel-linux-x86_64-fedora-clang, r-devel-linux-x86_64-fedora-gcc, r-devel-windows-x86_64-new-UL, r-devel-windows-x86_64-new-TK, r-devel-windows-x86_64-old, r-patched-linux-x86_64, r-patched-solaris-x86, r-release-linux-x86_64, r-release-macos-arm64, r-release-macos-x86_64, r-release-windows-ix86+x86_64, r-oldrel-macos-x86_64, r-oldrel-windows-ix86+x86_64

Version: 0.3
Check: dependencies in R code
Result: NOTE
    Namespace in Imports field not imported from: ‘graphics’
     All declared Imports should be used.
Flavors: r-devel-linux-x86_64-fedora-clang, r-devel-linux-x86_64-fedora-gcc, r-devel-windows-x86_64-new-TK, r-patched-solaris-x86, r-release-macos-arm64, r-release-macos-x86_64, r-oldrel-macos-x86_64