CRAN Package Check Results for Package cops

Last updated on 2022-01-18 22:47:19 CET.

Flavor Version Tinstall Tcheck Ttotal Status Flags
r-devel-linux-x86_64-debian-clang 1.2-0 22.42 196.15 218.57 OK
r-devel-linux-x86_64-debian-gcc 1.2-0 18.05 154.69 172.74 OK
r-devel-linux-x86_64-fedora-clang 1.2-0 273.92 OK
r-devel-linux-x86_64-fedora-gcc 1.2-0 247.28 OK
r-devel-windows-x86_64-new-UL 1.2-0 43.00 211.00 254.00 OK
r-devel-windows-x86_64-new-TK 1.2-0 ERROR
r-patched-linux-x86_64 1.2-0 26.41 188.26 214.67 OK
r-release-linux-x86_64 1.2-0 OK
r-release-macos-arm64 1.2-0 OK
r-release-macos-x86_64 1.2-0 OK
r-release-windows-ix86+x86_64 1.2-0 52.00 215.00 267.00 OK
r-oldrel-macos-x86_64 1.2-0 OK
r-oldrel-windows-ix86+x86_64 1.2-0 52.00 220.00 272.00 OK

Check Details

Version: 1.2-0
Check: package dependencies
Result: ERROR
    Packages required but not available: 'smacof', 'nloptr'
    
    See section 'The DESCRIPTION file' in the 'Writing R Extensions'
    manual.
Flavor: r-devel-windows-x86_64-new-TK