CRAN Package Check Results for Package corTest

Last updated on 2022-01-16 22:51:09 CET.

Flavor Version Tinstall Tcheck Ttotal Status Flags
r-devel-linux-x86_64-debian-clang 1.0.7 10.91 113.42 124.33 OK
r-devel-linux-x86_64-debian-gcc 1.0.7 8.93 95.27 104.20 OK
r-devel-linux-x86_64-fedora-clang 1.0.7 151.78 NOTE
r-devel-linux-x86_64-fedora-gcc 1.0.7 138.41 NOTE
r-devel-windows-x86_64-new-UL 1.0.7 32.00 131.00 163.00 OK
r-devel-windows-x86_64-new-TK 1.0.7 NOTE
r-patched-linux-x86_64 1.0.7 9.37 107.71 117.08 OK
r-release-linux-x86_64 1.0.7 OK
r-release-macos-arm64 1.0.7 NOTE
r-release-macos-x86_64 1.0.7 NOTE
r-release-windows-ix86+x86_64 1.0.7 26.00 127.00 153.00 OK
r-oldrel-macos-x86_64 1.0.7 NOTE
r-oldrel-windows-ix86+x86_64 1.0.7 27.00 130.00 157.00 OK

Check Details

Version: 1.0.7
Check: dependencies in R code
Result: NOTE
    Namespace in Imports field not imported from: ‘graphics’
     All declared Imports should be used.
Flavors: r-devel-linux-x86_64-fedora-clang, r-devel-linux-x86_64-fedora-gcc, r-devel-windows-x86_64-new-TK, r-release-macos-arm64, r-release-macos-x86_64, r-oldrel-macos-x86_64