Last updated on 2022-05-28 22:55:05 CEST.
Flavor | Version | Tinstall | Tcheck | Ttotal | Status | Flags |
---|---|---|---|---|---|---|
r-devel-linux-x86_64-debian-clang | 0.3.31 | 9.34 | 55.15 | 64.49 | OK | |
r-devel-linux-x86_64-debian-gcc | 0.3.31 | 9.50 | 42.57 | 52.07 | OK | |
r-devel-linux-x86_64-fedora-clang | 0.3.31 | 81.73 | NOTE | |||
r-devel-linux-x86_64-fedora-gcc | 0.3.31 | 79.75 | NOTE | |||
r-devel-windows-x86_64 | 0.3.31 | 18.00 | 74.00 | 92.00 | NOTE | |
r-patched-linux-x86_64 | 0.3.31 | 7.39 | 53.56 | 60.95 | OK | |
r-release-linux-x86_64 | 0.3.31 | 7.16 | 51.98 | 59.14 | OK | |
r-release-macos-arm64 | 0.3.31 | 29.00 | NOTE | |||
r-release-macos-x86_64 | 0.3.31 | 61.00 | NOTE | |||
r-release-windows-x86_64 | 0.3.31 | 24.00 | 75.00 | 99.00 | NOTE | |
r-oldrel-macos-arm64 | 0.3.31 | 37.00 | NOTE | |||
r-oldrel-macos-x86_64 | 0.3.31 | 37.00 | NOTE | |||
r-oldrel-windows-ix86+x86_64 | 0.3.31 | 19.00 | 67.00 | 86.00 | NOTE |
Version: 0.3.31
Check: installed package size
Result: NOTE
installed size is 5.2Mb
sub-directories of 1Mb or more:
data 1.3Mb
help 3.8Mb
Flavors: r-devel-linux-x86_64-fedora-clang, r-devel-windows-x86_64, r-release-macos-arm64, r-release-macos-x86_64, r-release-windows-x86_64, r-oldrel-macos-arm64, r-oldrel-macos-x86_64, r-oldrel-windows-ix86+x86_64
Version: 0.3.31
Check: data for non-ASCII characters
Result: NOTE
Note: found 6 marked UTF-8 strings
Flavors: r-devel-linux-x86_64-fedora-clang, r-devel-linux-x86_64-fedora-gcc, r-release-macos-arm64, r-release-macos-x86_64, r-oldrel-macos-arm64, r-oldrel-macos-x86_64