CRAN Package Check Results for Package corpora

Last updated on 2021-11-29 22:59:08 CET.

Flavor Version Tinstall Tcheck Ttotal Status Flags
r-devel-linux-x86_64-debian-clang 0.5 3.86 31.03 34.89 OK
r-devel-linux-x86_64-debian-gcc 0.5 2.84 24.84 27.68 OK
r-devel-linux-x86_64-fedora-clang 0.5 54.44 NOTE
r-devel-linux-x86_64-fedora-gcc 0.5 43.61 NOTE
r-devel-windows-x86_64-new-UL 0.5 12.00 64.00 76.00 OK
r-devel-windows-x86_64-new-TK 0.5 NOTE
r-devel-windows-x86_64-old 0.5 7.00 40.00 47.00 OK
r-patched-linux-x86_64 0.5 4.61 30.38 34.99 OK
r-patched-solaris-x86 0.5 68.00 NOTE
r-release-linux-x86_64 0.5 4.03 30.68 34.71 OK
r-release-macos-arm64 0.5 NOTE
r-release-macos-x86_64 0.5 NOTE
r-release-windows-ix86+x86_64 0.5 7.00 39.00 46.00 OK
r-oldrel-macos-x86_64 0.5 NOTE
r-oldrel-windows-ix86+x86_64 0.5 8.00 39.00 47.00 OK

Check Details

Version: 0.5
Check: data for non-ASCII characters
Result: NOTE
     Note: found 1187 marked UTF-8 strings
Flavors: r-devel-linux-x86_64-fedora-clang, r-devel-linux-x86_64-fedora-gcc, r-devel-windows-x86_64-new-TK, r-patched-solaris-x86, r-release-macos-arm64, r-release-macos-x86_64, r-oldrel-macos-x86_64