CRAN Package Check Results for Package corrViz

Last updated on 2024-03-03 22:58:47 CET.

Flavor Version Tinstall Tcheck Ttotal Status Flags
r-devel-linux-x86_64-debian-clang 0.1.0 9.49 159.85 169.34 OK
r-devel-linux-x86_64-debian-gcc 0.1.0 9.99 116.26 126.25 OK
r-devel-linux-x86_64-fedora-clang 0.1.0 205.78 NOTE
r-devel-linux-x86_64-fedora-gcc 0.1.0 211.37 OK
r-devel-windows-x86_64 0.1.0 12.00 130.00 142.00 NOTE
r-patched-linux-x86_64 0.1.0 11.61 153.18 164.79 OK
r-release-linux-x86_64 0.1.0 9.38 151.89 161.27 OK
r-release-macos-arm64 0.1.0 56.00 NOTE
r-release-macos-x86_64 0.1.0 143.00 NOTE
r-release-windows-x86_64 0.1.0 17.00 159.00 176.00 NOTE
r-oldrel-macos-arm64 0.1.0 64.00 NOTE
r-oldrel-windows-x86_64 0.1.0 16.00 169.00 185.00 NOTE

Check Details

Version: 0.1.0
Check: installed package size
Result: NOTE installed size is 7.2Mb sub-directories of 1Mb or more: doc 6.7Mb Flavors: r-devel-linux-x86_64-fedora-clang, r-devel-windows-x86_64, r-release-macos-arm64, r-release-macos-x86_64, r-release-windows-x86_64, r-oldrel-macos-arm64, r-oldrel-windows-x86_64